Last updated on 2024-07-27 01:53:21 CEST.
Flavor | Version | Tinstall | Tcheck | Ttotal | Status | Flags |
---|---|---|---|---|---|---|
r-devel-linux-x86_64-debian-clang | 14.0.0-1 | 40.38 | 273.10 | 313.48 | OK | |
r-devel-linux-x86_64-debian-gcc | 14.0.0-1 | 27.54 | 174.27 | 201.81 | OK | |
r-devel-linux-x86_64-fedora-clang | 14.0.0-1 | 424.80 | NOTE | |||
r-devel-linux-x86_64-fedora-gcc | 14.0.0-1 | 445.87 | OK | |||
r-devel-windows-x86_64 | 14.0.0-1 | 50.00 | 255.00 | 305.00 | NOTE | |
r-patched-linux-x86_64 | 14.0.0-1 | OK | ||||
r-release-linux-x86_64 | 14.0.0-1 | 32.61 | 239.73 | 272.34 | OK | |
r-release-macos-arm64 | 14.0.0-1 | 141.00 | NOTE | |||
r-release-macos-x86_64 | 14.0.0-1 | 396.00 | NOTE | |||
r-release-windows-x86_64 | 14.0.0-1 | 54.00 | 312.00 | 366.00 | NOTE | |
r-oldrel-macos-arm64 | 14.0.0-1 | 120.00 | ERROR | |||
r-oldrel-macos-x86_64 | 14.0.0-1 | 302.00 | ERROR | |||
r-oldrel-windows-x86_64 | 14.0.0-1 | 53.00 | 291.00 | 344.00 | NOTE |
Version: 14.0.0-1
Check: installed package size
Result: NOTE
installed size is 7.7Mb
sub-directories of 1Mb or more:
include 6.6Mb
Flavors: r-devel-linux-x86_64-fedora-clang, r-devel-windows-x86_64, r-release-macos-arm64, r-release-macos-x86_64, r-release-windows-x86_64, r-oldrel-macos-arm64, r-oldrel-macos-x86_64, r-oldrel-windows-x86_64
Version: 14.0.0-1
Check: tests
Result: ERROR
Running ‘tinytest.R’ [42s/55s]
Running the tests in ‘tests/tinytest.R’ failed.
Last 13 lines of output:
test_scipy2r.R................ 0 tests
test_scipy2r.R................ 0 tests
test_scipy2r.R................ 0 tests
test_scipy2r.R................ 0 tests
test_scipy2r.R................ 0 tests
test_scipy2r.R................ 0 tests
test_scipy2r.R................ 0 tests
test_scipy2r.R................ 0 tests
test_scipy2r.R................ 0 tests
test_scipy2r.R................ 0 tests
test_scipy2r.R................ 0 tests
test_scipy2r.R................ 0 tests Error in as.integer(as_r_value(x$indices)) :
cannot coerce type 'environment' to vector of type 'integer'
Calls: <Anonymous> ... initialize -> initialize -> callNextMethod -> .nextMethod
Execution halted
Flavor: r-oldrel-macos-arm64
Version: 14.0.0-1
Check: tests
Result: ERROR
Running ‘tinytest.R’ [80s/164s]
Running the tests in ‘tests/tinytest.R’ failed.
Last 13 lines of output:
test_scipy2r.R................ 0 tests
test_scipy2r.R................ 0 tests
test_scipy2r.R................ 0 tests
test_scipy2r.R................ 0 tests
test_scipy2r.R................ 0 tests
test_scipy2r.R................ 0 tests
test_scipy2r.R................ 0 tests
test_scipy2r.R................ 0 tests
test_scipy2r.R................ 0 tests
test_scipy2r.R................ 0 tests
test_scipy2r.R................ 0 tests
test_scipy2r.R................ 0 tests Error in as.integer(as_r_value(x$indices)) :
cannot coerce type 'environment' to vector of type 'integer'
Calls: <Anonymous> ... initialize -> initialize -> callNextMethod -> .nextMethod
Execution halted
Flavor: r-oldrel-macos-x86_64