Last updated on 2025-05-24 01:51:31 CEST.
Flavor | Version | Tinstall | Tcheck | Ttotal | Status | Flags |
---|---|---|---|---|---|---|
r-devel-linux-x86_64-debian-clang | 6.0.1 | 10.12 | 29.64 | 39.76 | OK | |
r-devel-linux-x86_64-debian-gcc | 6.0.1 | 7.17 | 23.73 | 30.90 | OK | |
r-devel-linux-x86_64-fedora-clang | 6.0.1 | 70.74 | NOTE | |||
r-devel-linux-x86_64-fedora-gcc | 6.0.1 | 82.53 | NOTE | |||
r-devel-windows-x86_64 | 6.0.1 | 51.00 | 57.00 | 108.00 | OK | |
r-patched-linux-x86_64 | 6.0.1 | 10.11 | 27.54 | 37.65 | OK | |
r-release-linux-x86_64 | 6.0.1 | 8.92 | 27.36 | 36.28 | OK | |
r-release-macos-arm64 | 6.0.1 | 58.00 | OK | |||
r-release-macos-x86_64 | 6.0.1 | 73.00 | OK | |||
r-release-windows-x86_64 | 6.0.1 | 52.00 | 107.00 | 159.00 | FAIL | |
r-oldrel-macos-arm64 | 6.0.1 | 45.00 | NOTE | |||
r-oldrel-macos-x86_64 | 6.0.1 | 138.00 | NOTE | |||
r-oldrel-windows-x86_64 | 6.0.1 | 45.00 | 59.00 | 104.00 | NOTE |
Version: 6.0.1
Check: dependencies in R code
Result: NOTE
Namespaces in Imports field not imported from:
‘knitr’ ‘rmarkdown’
All declared Imports should be used.
Flavors: r-devel-linux-x86_64-fedora-clang, r-devel-linux-x86_64-fedora-gcc
Version: 6.0.1
Check: PDF version of manual
Result: FAIL
Check process probably crashed or hung up for 20 minutes ... killed
Most likely this happened in the example checks (?),
if not, ignore the following last lines of example output:
>
> flush(stderr()); flush(stdout())
>
> ### Name: unset_cgal
> ### Title: Unset the CGAL header file directory
> ### Aliases: unset_cgal
>
> ### ** Examples
>
> ## Not run:
> ##D unset_cgal()
> ## End(Not run)
>
>
>
> ### * <FOOTER>
> ###
> cleanEx()
> options(digits = 7L)
> base::cat("Time elapsed: ", proc.time() - base::get("ptime", pos = 'CheckExEnv'),"\n")
Time elapsed: 0.45 0 0.45 NA NA
> grDevices::dev.off()
null device
1
> ###
> ### Local variables: ***
> ### mode: outline-minor ***
> ### outline-regexp: "\\(> \\)?### [*]+" ***
> ### End: ***
> quit('no')
======== End of example output (where/before crash/hang up occured ?) ========
Flavor: r-release-windows-x86_64
Version: 6.0.1
Check: installed package size
Result: NOTE
installed size is 46.6Mb
sub-directories of 1Mb or more:
include 46.5Mb
Flavors: r-oldrel-macos-arm64, r-oldrel-macos-x86_64, r-oldrel-windows-x86_64