Last updated on 2024-07-27 01:53:21 CEST.
Flavor | Version | Tinstall | Tcheck | Ttotal | Status | Flags |
---|---|---|---|---|---|---|
r-devel-linux-x86_64-debian-clang | 5.6.4 | 5.37 | 34.76 | 40.13 | OK | |
r-devel-linux-x86_64-debian-gcc | 5.6.4 | 3.34 | 26.87 | 30.21 | OK | |
r-devel-linux-x86_64-fedora-clang | 5.6.4 | 61.36 | NOTE | |||
r-devel-linux-x86_64-fedora-gcc | 5.6.4 | 72.37 | OK | |||
r-devel-windows-x86_64 | 5.6.4 | 39.00 | 49.00 | 88.00 | NOTE | |
r-patched-linux-x86_64 | 5.6.4 | OK | ||||
r-release-linux-x86_64 | 5.6.4 | 4.46 | 33.53 | 37.99 | OK | |
r-release-macos-arm64 | 5.6.4 | 57.00 | NOTE | |||
r-release-macos-x86_64 | 5.6.4 | 120.00 | NOTE | |||
r-release-windows-x86_64 | 5.6.4 | 41.00 | 53.00 | 94.00 | NOTE | |
r-oldrel-macos-arm64 | 5.6.4 | 55.00 | NOTE | |||
r-oldrel-macos-x86_64 | 5.6.4 | 101.00 | NOTE | |||
r-oldrel-windows-x86_64 | 5.6.4 | 46.00 | 51.00 | 97.00 | NOTE |
Version: 5.6.4
Check: installed package size
Result: NOTE
installed size is 46.8Mb
sub-directories of 1Mb or more:
include 46.7Mb
Flavors: r-devel-linux-x86_64-fedora-clang, r-devel-windows-x86_64, r-release-macos-arm64, r-release-macos-x86_64, r-release-windows-x86_64, r-oldrel-macos-arm64, r-oldrel-macos-x86_64, r-oldrel-windows-x86_64