Last updated on 2025-07-17 02:49:35 CEST.
Flavor | Version | Tinstall | Tcheck | Ttotal | Status | Flags |
---|---|---|---|---|---|---|
r-devel-linux-x86_64-debian-clang | 0.6-0 | 29.29 | 107.69 | 136.98 | OK | |
r-devel-linux-x86_64-debian-gcc | 0.6-0 | 24.36 | 90.33 | 114.69 | OK | |
r-devel-linux-x86_64-fedora-clang | 0.6-0 | 224.52 | OK | |||
r-devel-linux-x86_64-fedora-gcc | 0.6-0 | 261.05 | OK | |||
r-devel-windows-x86_64 | 0.6-0 | 36.00 | 192.00 | 228.00 | OK | |
r-patched-linux-x86_64 | 0.6-0 | 32.26 | 118.66 | 150.92 | OK | |
r-release-linux-x86_64 | 0.6-0 | 30.65 | 115.96 | 146.61 | OK | |
r-release-macos-arm64 | 0.6-0 | 66.00 | OK | |||
r-release-macos-x86_64 | 0.6-0 | 146.00 | OK | |||
r-release-windows-x86_64 | 0.6-0 | 38.00 | 194.00 | 232.00 | OK | |
r-oldrel-macos-arm64 | 0.6-0 | 65.00 | NOTE | |||
r-oldrel-macos-x86_64 | 0.6-0 | 111.00 | NOTE | |||
r-oldrel-windows-x86_64 | 0.6-0 | 45.00 | 222.00 | 267.00 | OK |
Version: 0.6-0
Check: installed package size
Result: NOTE
installed size is 6.6Mb
sub-directories of 1Mb or more:
libs 6.0Mb
Flavors: r-oldrel-macos-arm64, r-oldrel-macos-x86_64