CRAN Package Check Results for Package RenvModule

Last updated on 2025-05-24 01:51:31 CEST.

Flavor Version Tinstall Tcheck Ttotal Status Flags
r-devel-linux-x86_64-debian-clang 1.1 2.16 19.73 21.89 NOTE
r-devel-linux-x86_64-debian-gcc 1.1 1.84 16.27 18.11 NOTE
r-devel-linux-x86_64-fedora-clang 1.1 34.18 OK
r-devel-linux-x86_64-fedora-gcc 1.1 32.51 OK
r-devel-windows-x86_64 1.1 3.00 40.00 43.00 OK
r-patched-linux-x86_64 1.1 2.04 18.97 21.01 OK
r-release-linux-x86_64 1.1 2.11 19.05 21.16 OK
r-release-macos-arm64 1.1 20.00 OK
r-release-macos-x86_64 1.1 23.00 OK
r-release-windows-x86_64 1.1 4.00 41.00 45.00 OK
r-oldrel-macos-arm64 1.1 14.00 OK
r-oldrel-macos-x86_64 1.1 23.00 OK
r-oldrel-windows-x86_64 1.1 3.00 40.00 43.00 OK

Check Details

Version: 1.1
Check: CRAN incoming feasibility
Result: NOTE Maintainer: ‘Jordan Hayes <jhayes@ucr.edu>’ No Authors@R field in DESCRIPTION. Please add one, modifying Authors@R: person(given = "Jordan", family = "Hayes", role = c("aut", "cre"), email = "jhayes@ucr.edu") as necessary. Flavors: r-devel-linux-x86_64-debian-clang, r-devel-linux-x86_64-debian-gcc