Last updated on 2024-07-27 01:53:21 CEST.
Flavor | Version | Tinstall | Tcheck | Ttotal | Status | Flags |
---|---|---|---|---|---|---|
r-devel-linux-x86_64-debian-clang | 5.0.4 | 78.47 | 55.63 | 134.10 | OK | |
r-devel-linux-x86_64-debian-gcc | 5.0.4 | 58.65 | 42.95 | 101.60 | OK | |
r-devel-linux-x86_64-fedora-clang | 5.0.4 | 189.35 | OK | |||
r-devel-linux-x86_64-fedora-gcc | 5.0.4 | 198.58 | OK | |||
r-devel-windows-x86_64 | 5.0.4 | 115.00 | 128.00 | 243.00 | OK | |
r-patched-linux-x86_64 | 5.0.4 | OK | ||||
r-release-linux-x86_64 | 5.0.4 | 71.50 | 54.38 | 125.88 | OK | |
r-release-macos-arm64 | 5.0.4 | 54.00 | NOTE | |||
r-release-macos-x86_64 | 5.0.4 | 89.00 | NOTE | |||
r-release-windows-x86_64 | 5.0.4 | 122.00 | 119.00 | 241.00 | OK | |
r-oldrel-macos-arm64 | 5.0.4 | 63.00 | NOTE | |||
r-oldrel-macos-x86_64 | 5.0.4 | 125.00 | NOTE | |||
r-oldrel-windows-x86_64 | 5.0.4 | 107.00 | 136.00 | 243.00 | OK |
Version: 5.0.4
Check: installed package size
Result: NOTE
installed size is 6.9Mb
sub-directories of 1Mb or more:
libs 6.0Mb
Flavors: r-release-macos-arm64, r-release-macos-x86_64, r-oldrel-macos-arm64, r-oldrel-macos-x86_64