Last updated on 2025-05-24 01:51:32 CEST.
Flavor | Version | Tinstall | Tcheck | Ttotal | Status | Flags |
---|---|---|---|---|---|---|
r-devel-linux-x86_64-debian-clang | 1.4.4 | 32.76 | 32.27 | 65.03 | NOTE | |
r-devel-linux-x86_64-debian-gcc | 1.4.4 | 20.93 | 26.15 | 47.08 | NOTE | |
r-devel-linux-x86_64-fedora-clang | 1.4.4 | 120.23 | OK | |||
r-devel-linux-x86_64-fedora-gcc | 1.4.4 | 111.89 | OK | |||
r-devel-windows-x86_64 | 1.4.4 | 50.00 | 81.00 | 131.00 | OK | |
r-patched-linux-x86_64 | 1.4.4 | 27.96 | 31.03 | 58.99 | OK | |
r-release-linux-x86_64 | 1.4.4 | 29.21 | 30.81 | 60.02 | OK | |
r-release-macos-arm64 | 1.4.4 | 67.00 | OK | |||
r-release-macos-x86_64 | 1.4.4 | 76.00 | OK | |||
r-release-windows-x86_64 | 1.4.4 | 50.00 | 181.00 | 231.00 | OK | |
r-oldrel-macos-arm64 | 1.4.4 | 54.00 | OK | |||
r-oldrel-macos-x86_64 | 1.4.4 | 75.00 | OK | |||
r-oldrel-windows-x86_64 | 1.4.4 | 48.00 | 88.00 | 136.00 | OK |
Version: 1.4.4
Check: CRAN incoming feasibility
Result: NOTE
Maintainer: ‘Jouni Helske <jouni.helske@iki.fi>’
Found the following (possibly) invalid file URI:
URI: https//cranlogs.r-pkg.org:443/badges/Rlibeemd
From: README.md
Flavors: r-devel-linux-x86_64-debian-clang, r-devel-linux-x86_64-debian-gcc