Last updated on 2025-10-25 01:51:15 CEST.
| Flavor | Version | Tinstall | Tcheck | Ttotal | Status | Flags |
|---|---|---|---|---|---|---|
| r-devel-linux-x86_64-debian-clang | 0.2 | 4.74 | 40.58 | 45.32 | NOTE | |
| r-devel-linux-x86_64-debian-gcc | 0.2 | 3.08 | 30.35 | 33.43 | NOTE | |
| r-devel-linux-x86_64-fedora-clang | 0.2 | 26.00 | 40.85 | 66.85 | OK | |
| r-devel-linux-x86_64-fedora-gcc | 0.2 | 56.17 | OK | |||
| r-devel-windows-x86_64 | 0.2 | 5.00 | 56.00 | 61.00 | OK | |
| r-patched-linux-x86_64 | 0.2 | 4.04 | 33.88 | 37.92 | OK | |
| r-release-linux-x86_64 | 0.2 | 3.40 | 33.98 | 37.38 | OK | |
| r-release-macos-arm64 | 0.2 | 2.00 | 27.00 | 29.00 | OK | |
| r-release-macos-x86_64 | 0.2 | 4.00 | 36.00 | 40.00 | OK | |
| r-release-windows-x86_64 | 0.2 | 6.00 | 59.00 | 65.00 | OK | |
| r-oldrel-macos-arm64 | 0.2 | 3.00 | 21.00 | 24.00 | NOTE | |
| r-oldrel-macos-x86_64 | 0.2 | 3.00 | 30.00 | 33.00 | NOTE | |
| r-oldrel-windows-x86_64 | 0.2 | 7.00 | 70.00 | 77.00 | NOTE |
Version: 0.2
Check: CRAN incoming feasibility
Result: NOTE
Maintainer: ‘Michael Piccirilli <michael.r.piccirilli@gmail.com>’
No Authors@R field in DESCRIPTION.
Please add one, modifying
Authors@R: person(given = "Michael",
family = "Piccirilli",
role = c("aut", "cre"),
email = "michael.r.piccirilli@gmail.com")
as necessary.
Flavors: r-devel-linux-x86_64-debian-clang, r-devel-linux-x86_64-debian-gcc
Version: 0.2
Check: LazyData
Result: NOTE
'LazyData' is specified without a 'data' directory
Flavors: r-oldrel-macos-arm64, r-oldrel-macos-x86_64, r-oldrel-windows-x86_64