Last updated on 2024-07-27 01:53:21 CEST.
Flavor | Version | Tinstall | Tcheck | Ttotal | Status | Flags |
---|---|---|---|---|---|---|
r-devel-linux-x86_64-debian-clang | 0.3.2 | 291.78 | 83.63 | 375.41 | NOTE | |
r-devel-linux-x86_64-debian-gcc | 0.3.2 | 203.71 | 62.34 | 266.05 | NOTE | |
r-devel-linux-x86_64-fedora-clang | 0.3.2 | 546.62 | NOTE | |||
r-devel-linux-x86_64-fedora-gcc | 0.3.2 | 570.13 | NOTE | |||
r-devel-windows-x86_64 | 0.3.2 | 209.00 | 103.00 | 312.00 | NOTE | |
r-patched-linux-x86_64 | 0.3.2 | NOTE | ||||
r-release-linux-x86_64 | 0.3.2 | 232.08 | 78.32 | 310.40 | NOTE | |
r-release-macos-arm64 | 0.3.2 | 112.00 | NOTE | |||
r-release-macos-x86_64 | 0.3.2 | 109.00 | NOTE | |||
r-release-windows-x86_64 | 0.3.2 | 237.00 | 101.00 | 338.00 | NOTE | |
r-oldrel-macos-arm64 | 0.3.2 | 134.00 | NOTE | |||
r-oldrel-macos-x86_64 | 0.3.2 | 244.00 | NOTE | |||
r-oldrel-windows-x86_64 | 0.3.2 | 244.00 | 127.00 | 371.00 | NOTE |
Version: 0.3.2
Check: C++ specification
Result: NOTE
Specified C++11: please drop specification unless essential
Flavors: r-devel-linux-x86_64-debian-clang, r-devel-linux-x86_64-debian-gcc, r-devel-linux-x86_64-fedora-clang, r-devel-linux-x86_64-fedora-gcc, r-devel-windows-x86_64, r-patched-linux-x86_64, r-release-linux-x86_64, r-release-macos-arm64, r-release-macos-x86_64, r-release-windows-x86_64, r-oldrel-macos-arm64, r-oldrel-macos-x86_64, r-oldrel-windows-x86_64
Version: 0.3.2
Check: Rd files
Result: NOTE
checkRd: (-1) basic_GS.Rd:42: Lost braces; missing escapes or markup?
42 | \eqn{L} and {U} are strictly lower/upper triangular matrix respectively.
| ^
checkRd: (-1) basic_SOR.Rd:45: Lost braces; missing escapes or markup?
45 | \eqn{L} and {U} are strictly lower/upper triangular matrix respectively.
| ^
checkRd: (-1) basic_SSOR.Rd:45: Lost braces; missing escapes or markup?
45 | \eqn{L} and {U} are strictly lower/upper triangular matrix respectively.
| ^
Flavors: r-devel-linux-x86_64-debian-clang, r-devel-linux-x86_64-debian-gcc, r-devel-linux-x86_64-fedora-clang, r-devel-linux-x86_64-fedora-gcc, r-devel-windows-x86_64, r-patched-linux-x86_64, r-release-linux-x86_64, r-release-macos-arm64, r-release-macos-x86_64, r-release-windows-x86_64
Version: 0.3.2
Check: installed package size
Result: NOTE
installed size is 12.5Mb
sub-directories of 1Mb or more:
libs 12.3Mb
Flavors: r-release-macos-arm64, r-release-macos-x86_64, r-oldrel-macos-arm64, r-oldrel-macos-x86_64