Last updated on 2025-11-20 02:49:25 CET.
| Flavor | Version | Tinstall | Tcheck | Ttotal | Status | Flags |
|---|---|---|---|---|---|---|
| r-devel-linux-x86_64-debian-clang | 0.3.3 | 212.54 | 68.79 | 281.33 | OK | |
| r-devel-linux-x86_64-debian-gcc | 0.3.3 | 159.25 | 52.32 | 211.57 | OK | |
| r-devel-linux-x86_64-fedora-clang | 0.3.3 | 197.00 | 307.61 | 504.61 | OK | |
| r-devel-linux-x86_64-fedora-gcc | 0.3.3 | 136.00 | 397.80 | 533.80 | OK | |
| r-devel-windows-x86_64 | 0.3.3 | 243.00 | 107.00 | 350.00 | OK | |
| r-patched-linux-x86_64 | 0.3.3 | 224.76 | 65.46 | 290.22 | OK | |
| r-release-linux-x86_64 | 0.3.3 | 223.17 | 65.13 | 288.30 | OK | |
| r-release-macos-arm64 | 0.3.3 | OK | ||||
| r-release-macos-x86_64 | 0.3.3 | 77.00 | 62.00 | 139.00 | OK | |
| r-release-windows-x86_64 | 0.3.3 | 233.00 | 104.00 | 337.00 | OK | |
| r-oldrel-macos-arm64 | 0.3.3 | NOTE | ||||
| r-oldrel-macos-x86_64 | 0.3.3 | 83.00 | 61.00 | 144.00 | NOTE | |
| r-oldrel-windows-x86_64 | 0.3.3 | 281.00 | 134.00 | 415.00 | OK |
Version: 0.3.3
Check: installed package size
Result: NOTE
installed size is 13.0Mb
sub-directories of 1Mb or more:
libs 12.8Mb
Flavors: r-oldrel-macos-arm64, r-oldrel-macos-x86_64