Last updated on 2024-07-27 01:53:22 CEST.
Flavor | Version | Tinstall | Tcheck | Ttotal | Status | Flags |
---|---|---|---|---|---|---|
r-devel-linux-x86_64-debian-clang | 1.1.0 | 15.03 | 153.59 | 168.62 | OK | |
r-devel-linux-x86_64-debian-gcc | 1.1.0 | 12.36 | 116.45 | 128.81 | NOTE | |
r-devel-linux-x86_64-fedora-clang | 1.1.0 | 220.35 | NOTE | |||
r-devel-linux-x86_64-fedora-gcc | 1.1.0 | 217.72 | NOTE | |||
r-devel-windows-x86_64 | 1.1.0 | 15.00 | 128.00 | 143.00 | NOTE | |
r-patched-linux-x86_64 | 1.1.0 | OK | ||||
r-release-linux-x86_64 | 1.1.0 | 11.04 | 149.55 | 160.59 | OK | |
r-release-macos-arm64 | 1.1.0 | 71.00 | OK | |||
r-release-macos-x86_64 | 1.1.0 | 100.00 | OK | |||
r-release-windows-x86_64 | 1.1.0 | 15.00 | 125.00 | 140.00 | OK | |
r-oldrel-macos-arm64 | 1.1.0 | 75.00 | OK | |||
r-oldrel-macos-x86_64 | 1.1.0 | 150.00 | OK | |||
r-oldrel-windows-x86_64 | 1.1.0 | 19.00 | 161.00 | 180.00 | OK |
Version: 1.1.0
Check: Rd cross-references
Result: NOTE
Found the following Rd file(s) with Rd \link{} targets missing package
anchors:
harmonized_dossier_summarize.Rd: valueType_list
harmonized_dossier_visualize.Rd: valueType_list
Please provide package anchors for all Rd \link{} targets not in the
package itself and the base packages.
Flavors: r-devel-linux-x86_64-debian-gcc, r-devel-windows-x86_64
Version: 1.1.0
Check: data for non-ASCII characters
Result: NOTE
Note: found 7 marked UTF-8 strings
Flavors: r-devel-linux-x86_64-fedora-clang, r-devel-linux-x86_64-fedora-gcc