Last updated on 2024-07-27 01:53:22 CEST.
Flavor | Version | Tinstall | Tcheck | Ttotal | Status | Flags |
---|---|---|---|---|---|---|
r-devel-linux-x86_64-debian-clang | 2.3.4 | 9.43 | 70.71 | 80.14 | OK | |
r-devel-linux-x86_64-debian-gcc | 2.3.4 | 6.53 | 52.54 | 59.07 | NOTE | |
r-devel-linux-x86_64-fedora-clang | 2.3.4 | 100.43 | OK | |||
r-devel-linux-x86_64-fedora-gcc | 2.3.4 | 95.26 | OK | |||
r-devel-windows-x86_64 | 2.3.4 | 9.00 | 86.00 | 95.00 | NOTE | |
r-patched-linux-x86_64 | 2.3.4 | OK | ||||
r-release-linux-x86_64 | 2.3.4 | 7.49 | 66.87 | 74.36 | OK | |
r-release-macos-arm64 | 2.3.4 | 32.00 | OK | |||
r-release-macos-x86_64 | 2.3.4 | 44.00 | OK | |||
r-release-windows-x86_64 | 2.3.4 | 8.00 | 84.00 | 92.00 | OK | |
r-oldrel-macos-arm64 | 2.3.4 | 34.00 | OK | |||
r-oldrel-macos-x86_64 | 2.3.4 | 150.00 | OK | |||
r-oldrel-windows-x86_64 | 2.3.4 | 10.00 | 92.00 | 102.00 | OK |
Version: 2.3.4
Check: Rd cross-references
Result: NOTE
Found the following Rd file(s) with Rd \link{} targets missing package
anchors:
addLabels.Rd: text3d
Please provide package anchors for all Rd \link{} targets not in the
package itself and the base packages.
Flavors: r-devel-linux-x86_64-debian-gcc, r-devel-windows-x86_64