Last updated on 2024-07-27 01:53:22 CEST.
Flavor | Version | Tinstall | Tcheck | Ttotal | Status | Flags |
---|---|---|---|---|---|---|
r-devel-linux-x86_64-debian-clang | 1.1.4 | 97.07 | 510.54 | 607.61 | OK | |
r-devel-linux-x86_64-debian-gcc | 1.1.4 | 70.93 | 360.65 | 431.58 | OK | |
r-devel-linux-x86_64-fedora-clang | 1.1.4 | 817.18 | OK | |||
r-devel-linux-x86_64-fedora-gcc | 1.1.4 | 805.63 | OK | |||
r-devel-windows-x86_64 | 1.1.4 | 78.00 | 371.00 | 449.00 | OK | |
r-patched-linux-x86_64 | 1.1.4 | OK | ||||
r-release-linux-x86_64 | 1.1.4 | 64.79 | 465.77 | 530.56 | OK | |
r-release-macos-arm64 | 1.1.4 | 193.00 | NOTE | |||
r-release-macos-x86_64 | 1.1.4 | 272.00 | NOTE | |||
r-release-windows-x86_64 | 1.1.4 | 88.00 | 366.00 | 454.00 | OK | |
r-oldrel-macos-arm64 | 1.1.4 | 201.00 | NOTE | |||
r-oldrel-macos-x86_64 | 1.1.4 | 493.00 | NOTE | |||
r-oldrel-windows-x86_64 | 1.1.4 | 99.00 | 493.00 | 592.00 | OK |
Version: 1.1.4
Check: installed package size
Result: NOTE
installed size is 7.7Mb
sub-directories of 1Mb or more:
doc 1.4Mb
libs 5.7Mb
Flavors: r-release-macos-arm64, r-release-macos-x86_64, r-oldrel-macos-arm64, r-oldrel-macos-x86_64