Last updated on 2025-05-24 01:51:33 CEST.
Flavor | Version | Tinstall | Tcheck | Ttotal | Status | Flags |
---|---|---|---|---|---|---|
r-devel-linux-x86_64-debian-clang | 1.0.14 | 2.58 | 41.10 | 43.68 | OK | |
r-devel-linux-x86_64-debian-gcc | 1.0.14 | 2.02 | 31.78 | 33.80 | OK | |
r-devel-linux-x86_64-fedora-clang | 1.0.14 | 70.56 | OK | |||
r-devel-linux-x86_64-fedora-gcc | 1.0.14 | 81.41 | OK | |||
r-devel-windows-x86_64 | 1.0.14 | 7.00 | 65.00 | 72.00 | OK | |
r-patched-linux-x86_64 | 1.0.14 | 4.01 | 38.02 | 42.03 | OK | |
r-release-linux-x86_64 | 1.0.14 | 2.75 | 37.14 | 39.89 | OK | |
r-release-macos-arm64 | 1.0.14 | 43.00 | OK | |||
r-release-macos-x86_64 | 1.0.14 | 84.00 | OK | |||
r-release-windows-x86_64 | 1.0.14 | 7.00 | 66.00 | 73.00 | OK | |
r-oldrel-macos-arm64 | 1.0.14 | 44.00 | NOTE | |||
r-oldrel-macos-x86_64 | 1.0.14 | 70.00 | NOTE | |||
r-oldrel-windows-x86_64 | 1.0.14 | 7.00 | 74.00 | 81.00 | NOTE |
Version: 1.0.14
Check: installed package size
Result: NOTE
installed size is 5.5Mb
sub-directories of 1Mb or more:
doc 5.3Mb
Flavors: r-oldrel-macos-arm64, r-oldrel-macos-x86_64, r-oldrel-windows-x86_64