Last updated on 2024-07-27 01:53:22 CEST.
Flavor | Version | Tinstall | Tcheck | Ttotal | Status | Flags |
---|---|---|---|---|---|---|
r-devel-linux-x86_64-debian-clang | 0.1-33 | 4.17 | 24.12 | 28.29 | OK | |
r-devel-linux-x86_64-debian-gcc | 0.1-33 | 2.67 | 18.75 | 21.42 | OK | |
r-devel-linux-x86_64-fedora-clang | 0.1-33 | 40.30 | NOTE | |||
r-devel-linux-x86_64-fedora-gcc | 0.1-33 | 36.29 | OK | |||
r-devel-windows-x86_64 | 0.1-33 | 19.00 | 93.00 | 112.00 | NOTE | |
r-patched-linux-x86_64 | 0.1-33 | OK | ||||
r-release-linux-x86_64 | 0.1-33 | 3.26 | 23.36 | 26.62 | OK | |
r-release-macos-arm64 | 0.1-33 | 21.00 | OK | |||
r-release-macos-x86_64 | 0.1-33 | 34.00 | OK | |||
r-release-windows-x86_64 | 0.1-33 | 15.00 | 95.00 | 110.00 | NOTE | |
r-oldrel-macos-arm64 | 0.1-33 | 21.00 | OK | |||
r-oldrel-macos-x86_64 | 0.1-33 | 26.00 | OK | |||
r-oldrel-windows-x86_64 | 0.1-33 | 19.00 | 104.00 | 123.00 | NOTE |
Version: 0.1-33
Check: Rd cross-references
Result: NOTE
Undeclared packages ‘lpSolve’, ‘Rglpk’ in Rd xrefs
Flavor: r-devel-linux-x86_64-fedora-clang
Version: 0.1-33
Check: installed package size
Result: NOTE
installed size is 5.8Mb
sub-directories of 1Mb or more:
libs 5.8Mb
Flavors: r-devel-windows-x86_64, r-release-windows-x86_64, r-oldrel-windows-x86_64