Last updated on 2025-11-20 03:50:23 CET.
| Flavor | Version | Tinstall | Tcheck | Ttotal | Status | Flags |
|---|---|---|---|---|---|---|
| r-devel-linux-x86_64-debian-clang | 1.1.2 | 2.42 | 27.38 | 29.80 | NOTE | |
| r-devel-linux-x86_64-debian-gcc | 1.1.2 | 1.73 | 21.91 | 23.64 | NOTE | |
| r-devel-linux-x86_64-fedora-clang | 1.1.2 | 44.16 | OK | |||
| r-devel-linux-x86_64-fedora-gcc | 1.1.2 | 41.38 | OK | |||
| r-devel-windows-x86_64 | 1.1.2 | 6.00 | 44.00 | 50.00 | OK | |
| r-patched-linux-x86_64 | 1.1.2 | 2.12 | 24.89 | 27.01 | OK | |
| r-release-linux-x86_64 | 1.1.2 | 2.17 | 24.92 | 27.09 | OK | |
| r-release-macos-arm64 | 1.1.2 | OK | ||||
| r-release-macos-x86_64 | 1.1.2 | 2.00 | 24.00 | 26.00 | OK | |
| r-release-windows-x86_64 | 1.1.2 | 3.00 | 45.00 | 48.00 | OK | |
| r-oldrel-macos-arm64 | 1.1.2 | OK | ||||
| r-oldrel-macos-x86_64 | 1.1.2 | 2.00 | 22.00 | 24.00 | OK | |
| r-oldrel-windows-x86_64 | 1.1.2 | 5.00 | 51.00 | 56.00 | OK |
Version: 1.1.2
Check: CRAN incoming feasibility
Result: NOTE
Maintainer: ‘Debsurya De <debsurya001@gmail.com>’
The Description field contains
<arXiv:1909.04024> .
Please refer to arXiv e-prints via their arXiv DOI <doi:10.48550/arXiv.YYMM.NNNNN>.
Flavors: r-devel-linux-x86_64-debian-clang, r-devel-linux-x86_64-debian-gcc