Last updated on 2025-05-06 02:50:32 CEST.
Flavor | Version | Tinstall | Tcheck | Ttotal | Status | Flags |
---|---|---|---|---|---|---|
r-devel-linux-x86_64-debian-clang | 1.3.1 | 7.89 | 38.17 | 46.06 | NOTE | |
r-devel-linux-x86_64-debian-gcc | 1.3.1 | 5.93 | 26.29 | 32.22 | NOTE | |
r-devel-linux-x86_64-fedora-clang | 1.3.1 | 71.84 | OK | |||
r-devel-linux-x86_64-fedora-gcc | 1.3.1 | 72.78 | OK | |||
r-devel-windows-x86_64 | 1.3.1 | 7.00 | 53.00 | 60.00 | OK | |
r-patched-linux-x86_64 | 1.3.1 | 8.00 | 36.57 | 44.57 | OK | |
r-release-linux-x86_64 | 1.3.1 | 8.01 | 35.92 | 43.93 | OK | |
r-release-macos-arm64 | 1.3.1 | 32.00 | OK | |||
r-release-macos-x86_64 | 1.3.1 | 38.00 | OK | |||
r-release-windows-x86_64 | 1.3.1 | 8.00 | 54.00 | 62.00 | OK | |
r-oldrel-macos-arm64 | 1.3.1 | 19.00 | OK | |||
r-oldrel-macos-x86_64 | 1.3.1 | 33.00 | OK | |||
r-oldrel-windows-x86_64 | 1.3.1 | 8.00 | 52.00 | 60.00 | OK |
Version: 1.3.1
Check: CRAN incoming feasibility
Result: NOTE
Maintainer: ‘Tamal Kumar De <tamalkumar.de@kuleuven.be>’
No Authors@R field in DESCRIPTION.
Please add one, modifying
Authors@R: c(person(given = "Isis",
family = "Bulte",
role = "aut"),
person(given = c("Tamal", "Kumar"),
family = "De",
role = c("aut", "cre"),
email = "tamalkumar.de@kuleuven.be"),
person(given = "Patrick",
family = "Onghena",
role = "aut"))
as necessary.
Flavors: r-devel-linux-x86_64-debian-clang, r-devel-linux-x86_64-debian-gcc