Last updated on 2024-07-27 01:53:23 CEST.
Flavor | Version | Tinstall | Tcheck | Ttotal | Status | Flags |
---|---|---|---|---|---|---|
r-devel-linux-x86_64-debian-clang | 1.0.0 | 60.24 | 515.16 | 575.40 | OK | |
r-devel-linux-x86_64-debian-gcc | 1.0.0 | 44.76 | 371.27 | 416.03 | OK | |
r-devel-linux-x86_64-fedora-clang | 1.0.0 | 750.47 | OK | |||
r-devel-linux-x86_64-fedora-gcc | 1.0.0 | 699.05 | OK | |||
r-devel-windows-x86_64 | 1.0.0 | 50.00 | 320.00 | 370.00 | OK | |
r-patched-linux-x86_64 | 1.0.0 | OK | ||||
r-release-linux-x86_64 | 1.0.0 | 37.13 | 492.66 | 529.79 | OK | |
r-release-macos-arm64 | 1.0.0 | 5.00 | ERROR | |||
r-release-macos-x86_64 | 1.0.0 | 265.00 | NOTE | |||
r-release-windows-x86_64 | 1.0.0 | 49.00 | 323.00 | 372.00 | OK | |
r-oldrel-macos-arm64 | 1.0.0 | 11.00 | ERROR | |||
r-oldrel-macos-x86_64 | 1.0.0 | 12.00 | ERROR | |||
r-oldrel-windows-x86_64 | 1.0.0 | 72.00 | 443.00 | 515.00 | OK |
Version: 1.0.0
Check: package dependencies
Result: ERROR
Package required but not available: ‘glmGamPoi’
Package suggested but not available for checking: ‘Linnorm’
See section ‘The DESCRIPTION file’ in the ‘Writing R Extensions’
manual.
Flavors: r-release-macos-arm64, r-oldrel-macos-arm64, r-oldrel-macos-x86_64
Version: 1.0.0
Check: package dependencies
Result: NOTE
Package suggested but not available for checking: ‘Linnorm’
Flavor: r-release-macos-x86_64