CRAN Package Check Results for Package SCperf

Last updated on 2025-05-07 01:50:12 CEST.

Flavor Version Tinstall Tcheck Ttotal Status Flags
r-devel-linux-x86_64-debian-clang 1.1.1 2.30 19.04 21.34 NOTE
r-devel-linux-x86_64-debian-gcc 1.1.1 1.69 16.11 17.80 NOTE
r-devel-linux-x86_64-fedora-clang 1.1.1 32.53 OK
r-devel-linux-x86_64-fedora-gcc 1.1.1 32.52 OK
r-devel-windows-x86_64 1.1.1 3.00 41.00 44.00 OK
r-patched-linux-x86_64 1.1.1 2.26 18.51 20.77 OK
r-release-linux-x86_64 1.1.1 1.94 18.27 20.21 OK
r-release-macos-arm64 1.1.1 30.00 OK
r-release-macos-x86_64 1.1.1 31.00 OK
r-release-windows-x86_64 1.1.1 3.00 42.00 45.00 OK
r-oldrel-macos-arm64 1.1.1 14.00 NOTE
r-oldrel-macos-x86_64 1.1.1 25.00 NOTE
r-oldrel-windows-x86_64 1.1.1 3.00 41.00 44.00 NOTE

Check Details

Version: 1.1.1
Check: CRAN incoming feasibility
Result: NOTE Maintainer: ‘Marlene Marchena <marchenamarlene@gmail.com>’ No Authors@R field in DESCRIPTION. Please add one, modifying Authors@R: person(given = "Marlene", family = "Marchena", role = c("aut", "cre"), email = "marchenamarlene@gmail.com") as necessary. The Description field contains <arXiv:1009.3977>. Please refer to arXiv e-prints via their arXiv DOI <doi:10.48550/arXiv.YYMM.NNNNN>. Flavors: r-devel-linux-x86_64-debian-clang, r-devel-linux-x86_64-debian-gcc

Version: 1.1.1
Check: LazyData
Result: NOTE 'LazyData' is specified without a 'data' directory Flavors: r-oldrel-macos-arm64, r-oldrel-macos-x86_64, r-oldrel-windows-x86_64