Last updated on 2025-10-30 01:50:15 CET.
| Flavor | Version | Tinstall | Tcheck | Ttotal | Status | Flags | 
|---|---|---|---|---|---|---|
| r-devel-linux-x86_64-debian-clang | 2.3.3 | 13.85 | 157.78 | 171.63 | NOTE | |
| r-devel-linux-x86_64-debian-gcc | 2.3.3 | 10.14 | 107.87 | 118.01 | NOTE | |
| r-devel-linux-x86_64-fedora-clang | 2.3.3 | 66.00 | 199.97 | 265.97 | OK | |
| r-devel-linux-x86_64-fedora-gcc | 2.3.3 | 36.00 | 219.06 | 255.06 | OK | |
| r-devel-windows-x86_64 | 2.3.3 | 17.00 | 139.00 | 156.00 | OK | |
| r-patched-linux-x86_64 | 2.3.3 | 13.24 | 143.03 | 156.27 | OK | |
| r-release-linux-x86_64 | 2.3.3 | 14.25 | 143.21 | 157.46 | OK | |
| r-release-macos-arm64 | 2.3.3 | 8.00 | 58.00 | 66.00 | OK | |
| r-release-macos-x86_64 | 2.3.3 | 17.00 | 122.00 | 139.00 | OK | |
| r-release-windows-x86_64 | 2.3.3 | 21.00 | 141.00 | 162.00 | OK | |
| r-oldrel-macos-arm64 | 2.3.3 | 8.00 | 57.00 | 65.00 | OK | |
| r-oldrel-macos-x86_64 | 2.3.3 | 12.00 | 83.00 | 95.00 | OK | |
| r-oldrel-windows-x86_64 | 2.3.3 | 24.00 | 180.00 | 204.00 | OK | 
Version: 2.3.3
Check: CRAN incoming feasibility
Result: NOTE
  Maintainer: ‘Takahiro Shimada <taka.shimada@gmail.com>’
  
  No Authors@R field in DESCRIPTION.
  Please add one, modifying
    Authors@R: person(given = "Takahiro",
                      family = "Shimada",
                      role = c("aut", "cre"),
                      email = "taka.shimada@gmail.com")
  as necessary.
Flavors: r-devel-linux-x86_64-debian-clang, r-devel-linux-x86_64-debian-gcc