Last updated on 2025-05-05 01:51:02 CEST.
Flavor | Version | Tinstall | Tcheck | Ttotal | Status | Flags |
---|---|---|---|---|---|---|
r-devel-linux-x86_64-debian-clang | 0.1.5 | 1.82 | 19.85 | 21.67 | NOTE | |
r-devel-linux-x86_64-debian-gcc | 0.1.5 | 1.46 | 16.18 | 17.64 | NOTE | |
r-devel-linux-x86_64-fedora-clang | 0.1.5 | 33.89 | OK | |||
r-devel-linux-x86_64-fedora-gcc | 0.1.5 | 32.48 | OK | |||
r-devel-windows-x86_64 | 0.1.5 | 3.00 | 44.00 | 47.00 | OK | |
r-patched-linux-x86_64 | 0.1.5 | 1.82 | 19.32 | 21.14 | OK | |
r-release-linux-x86_64 | 0.1.5 | 1.68 | 19.17 | 20.85 | OK | |
r-release-macos-arm64 | 0.1.5 | 20.00 | OK | |||
r-release-macos-x86_64 | 0.1.5 | 25.00 | OK | |||
r-release-windows-x86_64 | 0.1.5 | 2.00 | 44.00 | 46.00 | OK | |
r-oldrel-macos-arm64 | 0.1.5 | 17.00 | OK | |||
r-oldrel-macos-x86_64 | 0.1.5 | 22.00 | OK | |||
r-oldrel-windows-x86_64 | 0.1.5 | 3.00 | 46.00 | 49.00 | OK |
Version: 0.1.5
Check: CRAN incoming feasibility
Result: NOTE
Maintainer: ‘Pavel V. Moskalev <moskalefff@gmail.com>’
No Authors@R field in DESCRIPTION.
Please add one, modifying
Authors@R: person(given = c("Pavel", "V."),
family = "Moskalev",
role = c("aut", "cre"),
email = "moskalefff@gmail.com")
as necessary.
The Description field contains
<arXiv:1105.2334v1>.
Please refer to arXiv e-prints via their arXiv DOI <doi:10.48550/arXiv.YYMM.NNNNN>.
Flavors: r-devel-linux-x86_64-debian-clang, r-devel-linux-x86_64-debian-gcc