CRAN Package Check Results for Package SIPETool

Last updated on 2025-05-07 01:50:14 CEST.

Flavor Version Tinstall Tcheck Ttotal Status Flags
r-devel-linux-x86_64-debian-clang 0.1.0 2.09 20.43 22.52 NOTE
r-devel-linux-x86_64-debian-gcc 0.1.0 1.66 16.48 18.14 NOTE
r-devel-linux-x86_64-fedora-clang 0.1.0 34.37 OK
r-devel-linux-x86_64-fedora-gcc 0.1.0 32.86 OK
r-devel-windows-x86_64 0.1.0 4.00 42.00 46.00 OK
r-patched-linux-x86_64 0.1.0 1.94 19.64 21.58 OK
r-release-linux-x86_64 0.1.0 2.04 19.33 21.37 OK
r-release-macos-arm64 0.1.0 18.00 OK
r-release-macos-x86_64 0.1.0 27.00 OK
r-release-windows-x86_64 0.1.0 4.00 43.00 47.00 OK
r-oldrel-macos-arm64 0.1.0 16.00 OK
r-oldrel-macos-x86_64 0.1.0 23.00 OK
r-oldrel-windows-x86_64 0.1.0 3.00 41.00 44.00 OK

Check Details

Version: 0.1.0
Check: CRAN incoming feasibility
Result: NOTE Maintainer: ‘Federico Vivaldi <federico-vivaldi@virgilio.it>’ No Authors@R field in DESCRIPTION. Please add one, modifying Authors@R: c(person(given = c("Federico", "Vivaldi;", "Tommaso"), family = "Lomonaco", role = "aut"), person(given = "Federico", family = "Vivaldi", role = "cre", email = "federico-vivaldi@virgilio.it")) as necessary. Flavors: r-devel-linux-x86_64-debian-clang, r-devel-linux-x86_64-debian-gcc