Last updated on 2025-10-02 01:50:13 CEST.
Flavor | Version | Tinstall | Tcheck | Ttotal | Status | Flags |
---|---|---|---|---|---|---|
r-devel-linux-x86_64-debian-clang | 1.0.0 | 220.09 | 461.44 | 681.53 | OK | |
r-devel-linux-x86_64-debian-gcc | 1.0.0 | 205.72 | 400.71 | 606.43 | OK | |
r-devel-linux-x86_64-fedora-clang | 1.0.0 | 996.06 | OK | |||
r-devel-linux-x86_64-fedora-gcc | 1.0.0 | 1356.94 | OK | |||
r-devel-windows-x86_64 | 1.0.0 | 252.00 | 730.00 | 982.00 | OK | |
r-patched-linux-x86_64 | 1.0.0 | 273.00 | 552.60 | 825.60 | OK | |
r-release-linux-x86_64 | 1.0.0 | 262.67 | 534.73 | 797.40 | OK | |
r-release-macos-arm64 | 1.0.0 | 271.00 | OK | |||
r-release-macos-x86_64 | 1.0.0 | 509.00 | OK | |||
r-release-windows-x86_64 | 1.0.0 | 259.00 | 757.00 | 1016.00 | OK | |
r-oldrel-macos-arm64 | 1.0.0 | 260.00 | NOTE | |||
r-oldrel-macos-x86_64 | 1.0.0 | 411.00 | NOTE | |||
r-oldrel-windows-x86_64 | 1.0.0 | 296.00 | 595.00 | 891.00 | OK |
Version: 1.0.0
Check: installed package size
Result: NOTE
installed size is 53.2Mb
sub-directories of 1Mb or more:
extdata 1.2Mb
libs 51.3Mb
Flavors: r-oldrel-macos-arm64, r-oldrel-macos-x86_64
Version: 1.0.0
Check: for GNU extensions in Makefiles
Result: NOTE
GNU make is a SystemRequirements.
Flavors: r-oldrel-macos-arm64, r-oldrel-macos-x86_64