Last updated on 2024-07-27 01:53:24 CEST.
Flavor | Version | Tinstall | Tcheck | Ttotal | Status | Flags |
---|---|---|---|---|---|---|
r-devel-linux-x86_64-debian-clang | 0.5.1 | 162.52 | 174.49 | 337.01 | OK | |
r-devel-linux-x86_64-debian-gcc | 0.5.1 | 106.55 | 123.88 | 230.43 | OK | |
r-devel-linux-x86_64-fedora-clang | 0.5.1 | 468.91 | OK | |||
r-devel-linux-x86_64-fedora-gcc | 0.5.1 | 486.27 | OK | |||
r-devel-windows-x86_64 | 0.5.1 | 128.00 | 199.00 | 327.00 | OK | |
r-patched-linux-x86_64 | 0.5.1 | OK | ||||
r-release-linux-x86_64 | 0.5.1 | 144.97 | 171.70 | 316.67 | OK | |
r-release-macos-arm64 | 0.5.1 | 134.00 | NOTE | |||
r-release-macos-x86_64 | 0.5.1 | 255.00 | NOTE | |||
r-release-windows-x86_64 | 0.5.1 | 152.00 | 193.00 | 345.00 | OK | |
r-oldrel-macos-arm64 | 0.5.1 | 157.00 | NOTE | |||
r-oldrel-macos-x86_64 | 0.5.1 | 206.00 | NOTE | |||
r-oldrel-windows-x86_64 | 0.5.1 | 148.00 | 231.00 | 379.00 | OK |
Version: 0.5.1
Check: installed package size
Result: NOTE
installed size is 9.0Mb
sub-directories of 1Mb or more:
libs 8.5Mb
Flavors: r-release-macos-arm64, r-release-macos-x86_64, r-oldrel-macos-arm64, r-oldrel-macos-x86_64