Last updated on 2024-07-27 01:53:24 CEST.
Flavor | Version | Tinstall | Tcheck | Ttotal | Status | Flags |
---|---|---|---|---|---|---|
r-devel-linux-x86_64-debian-clang | 0.0.5 | 20.21 | 189.35 | 209.56 | NOTE | |
r-devel-linux-x86_64-debian-gcc | 0.0.5 | 17.51 | 136.79 | 154.30 | NOTE | |
r-devel-linux-x86_64-fedora-clang | 0.0.5 | 262.43 | NOTE | |||
r-devel-linux-x86_64-fedora-gcc | 0.0.5 | 242.43 | NOTE | |||
r-devel-windows-x86_64 | 0.0.5 | 19.00 | 135.00 | 154.00 | NOTE | |
r-patched-linux-x86_64 | 0.0.5 | NOTE | ||||
r-release-linux-x86_64 | 0.0.5 | 19.35 | 176.61 | 195.96 | NOTE | |
r-release-macos-arm64 | 0.0.5 | 66.00 | NOTE | |||
r-release-macos-x86_64 | 0.0.5 | 105.00 | NOTE | |||
r-release-windows-x86_64 | 0.0.5 | 20.00 | 136.00 | 156.00 | NOTE | |
r-oldrel-macos-arm64 | 0.0.5 | 72.00 | NOTE | |||
r-oldrel-macos-x86_64 | 0.0.5 | 123.00 | NOTE | |||
r-oldrel-windows-x86_64 | 0.0.5 | 27.00 | 186.00 | 213.00 | NOTE |
Version: 0.0.5
Check: LazyData
Result: NOTE
'LazyData' is specified without a 'data' directory
Flavors: r-devel-linux-x86_64-debian-clang, r-devel-linux-x86_64-debian-gcc, r-devel-linux-x86_64-fedora-clang, r-devel-linux-x86_64-fedora-gcc, r-devel-windows-x86_64, r-patched-linux-x86_64, r-release-linux-x86_64, r-release-macos-arm64, r-release-macos-x86_64, r-release-windows-x86_64, r-oldrel-macos-arm64, r-oldrel-macos-x86_64, r-oldrel-windows-x86_64