Last updated on 2025-11-13 01:50:35 CET.
| Flavor | Version | Tinstall | Tcheck | Ttotal | Status | Flags |
|---|---|---|---|---|---|---|
| r-devel-linux-x86_64-debian-clang | 3.1 | 7.56 | 61.06 | 68.62 | NOTE | |
| r-devel-linux-x86_64-debian-gcc | 3.1 | 5.15 | 45.09 | 50.24 | NOTE | |
| r-devel-linux-x86_64-fedora-clang | 3.1 | 16.00 | 90.66 | 106.66 | OK | |
| r-devel-linux-x86_64-fedora-gcc | 3.1 | 17.00 | 86.32 | 103.32 | OK | |
| r-devel-windows-x86_64 | 3.1 | 9.00 | 68.00 | 77.00 | OK | |
| r-patched-linux-x86_64 | 3.1 | 7.73 | 57.90 | 65.63 | OK | |
| r-release-linux-x86_64 | 3.1 | 8.04 | 58.13 | 66.17 | OK | |
| r-release-macos-arm64 | 3.1 | 4.00 | 31.00 | 35.00 | OK | |
| r-release-macos-x86_64 | 3.1 | 7.00 | 52.00 | 59.00 | OK | |
| r-release-windows-x86_64 | 3.1 | 8.00 | 66.00 | 74.00 | OK | |
| r-oldrel-macos-arm64 | 3.1 | 4.00 | 32.00 | 36.00 | OK | |
| r-oldrel-macos-x86_64 | 3.1 | 6.00 | 40.00 | 46.00 | OK | |
| r-oldrel-windows-x86_64 | 3.1 | 12.00 | 82.00 | 94.00 | OK |
Version: 3.1
Check: CRAN incoming feasibility
Result: NOTE
Maintainer: ‘Aldo M. Garay <medina_garay@yahoo.com>’
No Authors@R field in DESCRIPTION.
Please add one, modifying
Authors@R: c(person(given = c("Aldo", "M."),
family = "Garay",
role = c("aut", "cre"),
email = "medina_garay@yahoo.com"),
person(given = c("Monique", "Bettio"),
family = "Massuia",
role = "aut",
email = "moniquemassuia@gmail.com"),
person(given = "Victor",
family = "Lachos",
role = "aut",
email = "hlachos@ime.unicamp.br"))
as necessary.
Flavors: r-devel-linux-x86_64-debian-clang, r-devel-linux-x86_64-debian-gcc