Last updated on 2025-05-05 01:51:04 CEST.
Flavor | Version | Tinstall | Tcheck | Ttotal | Status | Flags |
---|---|---|---|---|---|---|
r-devel-linux-x86_64-debian-clang | 1.3.4 | 1.88 | 22.80 | 24.68 | NOTE | |
r-devel-linux-x86_64-debian-gcc | 1.3.4 | 1.44 | 17.81 | 19.25 | NOTE | |
r-devel-linux-x86_64-fedora-clang | 1.3.4 | 38.77 | OK | |||
r-devel-linux-x86_64-fedora-gcc | 1.3.4 | 36.66 | OK | |||
r-devel-windows-x86_64 | 1.3.4 | 4.00 | 46.00 | 50.00 | OK | |
r-patched-linux-x86_64 | 1.3.4 | 1.98 | 22.02 | 24.00 | OK | |
r-release-linux-x86_64 | 1.3.4 | 1.91 | 21.70 | 23.61 | OK | |
r-release-macos-arm64 | 1.3.4 | 18.00 | OK | |||
r-release-macos-x86_64 | 1.3.4 | 26.00 | OK | |||
r-release-windows-x86_64 | 1.3.4 | 4.00 | 45.00 | 49.00 | OK | |
r-oldrel-macos-arm64 | 1.3.4 | 18.00 | OK | |||
r-oldrel-macos-x86_64 | 1.3.4 | 24.00 | OK | |||
r-oldrel-windows-x86_64 | 1.3.4 | 4.00 | 45.00 | 49.00 | OK |
Version: 1.3.4
Check: CRAN incoming feasibility
Result: NOTE
Maintainer: ‘Samuel Blanck <samuel.blanck@univ-lille.fr>’
No Authors@R field in DESCRIPTION.
Please add one, modifying
Authors@R: c(person(given = "Guillemette",
family = "Marot",
role = c("aut", "cre")),
person(given = "Samuel",
family = "Blanck",
role = "cre",
email = "samuel.blanck@univ-lille.fr"))
as necessary.
Flavors: r-devel-linux-x86_64-debian-clang, r-devel-linux-x86_64-debian-gcc