CRAN Package Check Results for Package SPreg

Last updated on 2025-05-04 02:50:19 CEST.

Flavor Version Tinstall Tcheck Ttotal Status Flags
r-devel-linux-x86_64-debian-clang 1.0 2.52 24.17 26.69 NOTE
r-devel-linux-x86_64-debian-gcc 1.0 2.13 19.77 21.90 NOTE
r-devel-linux-x86_64-fedora-clang 1.0 41.79 OK
r-devel-linux-x86_64-fedora-gcc 1.0 39.25 OK
r-devel-windows-x86_64 1.0 4.00 49.00 53.00 OK
r-patched-linux-x86_64 1.0 2.64 23.22 25.86 OK
r-release-linux-x86_64 OK
r-release-macos-arm64 1.0 37.00 OK
r-release-macos-x86_64 1.0 35.00 OK
r-release-windows-x86_64 1.0 4.00 44.00 48.00 OK
r-oldrel-macos-arm64 1.0 18.00 OK
r-oldrel-macos-x86_64 1.0 26.00 OK
r-oldrel-windows-x86_64 1.0 4.00 48.00 52.00 OK

Check Details

Version: 1.0
Check: CRAN incoming feasibility
Result: NOTE Maintainer: ‘DongHyuk Lee <leedhyuk@gmail.com>’ No Authors@R field in DESCRIPTION. Please add one, modifying Authors@R: c(person(given = "DongHyuk", family = "Lee", role = c("aut", "cre"), email = "leedhyuk@gmail.com"), person(given = "Samiran", family = "Sinha", role = "aut")) as necessary. Flavors: r-devel-linux-x86_64-debian-clang, r-devel-linux-x86_64-debian-gcc