Last updated on 2024-07-27 01:53:24 CEST.
Flavor | Version | Tinstall | Tcheck | Ttotal | Status | Flags |
---|---|---|---|---|---|---|
r-devel-linux-x86_64-debian-clang | 0.9.3.3 | 45.94 | 285.30 | 331.24 | OK | |
r-devel-linux-x86_64-debian-gcc | 0.9.3.3 | 28.41 | 212.57 | 240.98 | NOTE | |
r-devel-linux-x86_64-fedora-clang | 0.9.3.3 | 432.95 | OK | |||
r-devel-linux-x86_64-fedora-gcc | 0.9.3.3 | 397.30 | OK | |||
r-devel-windows-x86_64 | 0.9.3.3 | 34.00 | 241.00 | 275.00 | NOTE | |
r-patched-linux-x86_64 | 0.9.3.3 | OK | ||||
r-release-linux-x86_64 | 0.9.3.3 | 23.81 | 277.43 | 301.24 | OK | |
r-release-macos-arm64 | 0.9.3.3 | 118.00 | OK | |||
r-release-macos-x86_64 | 0.9.3.3 | 276.00 | OK | |||
r-release-windows-x86_64 | 0.9.3.3 | 37.00 | 242.00 | 279.00 | OK | |
r-oldrel-macos-arm64 | 0.9.3.3 | 131.00 | OK | |||
r-oldrel-macos-x86_64 | 0.9.3.3 | 248.00 | OK | |||
r-oldrel-windows-x86_64 | 0.9.3.3 | 42.00 | 322.00 | 364.00 | OK |
Version: 0.9.3.3
Check: Rd cross-references
Result: NOTE
Found the following Rd file(s) with Rd \link{} targets missing package
anchors:
LinearTSVMSSLR.Rd: SVM
Please provide package anchors for all Rd \link{} targets not in the
package itself and the base packages.
Flavors: r-devel-linux-x86_64-debian-gcc, r-devel-windows-x86_64