Last updated on 2025-05-09 01:50:20 CEST.
Flavor | Version | Tinstall | Tcheck | Ttotal | Status | Flags |
---|---|---|---|---|---|---|
r-devel-linux-x86_64-debian-clang | 0.0.3 | 27.13 | 173.31 | 200.44 | NOTE | |
r-devel-linux-x86_64-debian-gcc | 0.0.3 | 20.83 | 130.32 | 151.15 | NOTE | |
r-devel-linux-x86_64-fedora-clang | 0.0.3 | 303.94 | OK | |||
r-devel-linux-x86_64-fedora-gcc | 0.0.3 | 317.64 | OK | |||
r-devel-windows-x86_64 | 0.0.3 | 23.00 | 155.00 | 178.00 | OK | |
r-patched-linux-x86_64 | 0.0.3 | 27.85 | 170.62 | 198.47 | OK | |
r-release-linux-x86_64 | 0.0.3 | 27.60 | 168.73 | 196.33 | OK | |
r-release-macos-arm64 | 0.0.3 | 86.00 | OK | |||
r-release-macos-x86_64 | 0.0.3 | 204.00 | OK | |||
r-release-windows-x86_64 | 0.0.3 | 21.00 | 154.00 | 175.00 | OK | |
r-oldrel-macos-arm64 | 0.0.3 | 86.00 | OK | |||
r-oldrel-macos-x86_64 | 0.0.3 | 144.00 | OK | |||
r-oldrel-windows-x86_64 | 0.0.3 | 29.00 | 197.00 | 226.00 | OK |
Version: 0.0.3
Check: CRAN incoming feasibility
Result: NOTE
Maintainer: ‘Edgar Santos-Fernandez <santosfe@qut.edu.au>’
The Description field contains
<arXiv:2103.03538>. In these models, spatial dependence is captured
Please refer to arXiv e-prints via their arXiv DOI <doi:10.48550/arXiv.YYMM.NNNNN>.
Flavors: r-devel-linux-x86_64-debian-clang, r-devel-linux-x86_64-debian-gcc