CRAN Package Check Results for Package SVN

Last updated on 2025-02-19 01:51:05 CET.

Flavor Version Tinstall Tcheck Ttotal Status Flags
r-devel-linux-x86_64-debian-clang 1.0.1 2.85 27.93 30.78 OK
r-devel-linux-x86_64-debian-gcc 1.0.1 1.91 21.36 23.27 OK
r-devel-linux-x86_64-fedora-clang 1.0.1 51.30 OK
r-devel-linux-x86_64-fedora-gcc 1.0.1 46.33 OK
r-devel-macos-arm64 1.0.1 21.00 OK
r-devel-macos-x86_64 1.0.1 30.00 OK
r-devel-windows-x86_64 1.0.1 4.00 47.00 51.00 OK
r-patched-linux-x86_64 1.0.1 2.76 26.44 29.20 OK
r-release-linux-x86_64 1.0.1 2.71 26.70 29.41 OK
r-release-macos-arm64 1.0.1 20.00 OK
r-release-macos-x86_64 1.0.1 28.00 OK
r-release-windows-x86_64 1.0.1 4.00 5.00 9.00 FAIL
r-oldrel-macos-arm64 1.0.1 22.00 OK
r-oldrel-macos-x86_64 1.0.1 27.00 OK
r-oldrel-windows-x86_64 1.0.1 5.00 95.00 100.00 OK

Check Details

Version: 1.0.1
Check: package dependencies
Result: FAIL
Flavor: r-release-windows-x86_64