Last updated on 2025-11-20 03:50:23 CET.
| Flavor | Version | Tinstall | Tcheck | Ttotal | Status | Flags |
|---|---|---|---|---|---|---|
| r-devel-linux-x86_64-debian-clang | 1.0 | 12.69 | 29.61 | 42.30 | NOTE | |
| r-devel-linux-x86_64-debian-gcc | 1.0 | 8.47 | 24.25 | 32.72 | NOTE | |
| r-devel-linux-x86_64-fedora-clang | 1.0 | 21.00 | 46.56 | 67.56 | NOTE | |
| r-devel-linux-x86_64-fedora-gcc | 1.0 | 28.00 | 34.38 | 62.38 | NOTE | |
| r-devel-windows-x86_64 | 1.0 | 21.00 | 65.00 | 86.00 | NOTE | |
| r-patched-linux-x86_64 | 1.0 | 12.66 | 27.83 | 40.49 | NOTE | |
| r-release-linux-x86_64 | 1.0 | 12.36 | 27.62 | 39.98 | NOTE | |
| r-release-macos-arm64 | 1.0 | NOTE | ||||
| r-release-macos-x86_64 | 1.0 | 10.00 | 28.00 | 38.00 | NOTE | |
| r-release-windows-x86_64 | 1.0 | 17.00 | 73.00 | 90.00 | NOTE | |
| r-oldrel-macos-arm64 | 1.0 | NOTE | ||||
| r-oldrel-macos-x86_64 | 1.0 | 6.00 | 23.00 | 29.00 | NOTE | |
| r-oldrel-windows-x86_64 | 1.0 | 15.00 | 79.00 | 94.00 | NOTE |
Version: 1.0
Check: C++ specification
Result: NOTE
Specified C++11: please drop specification unless essential
Flavors: r-devel-linux-x86_64-debian-clang, r-devel-linux-x86_64-debian-gcc, r-devel-linux-x86_64-fedora-clang, r-devel-linux-x86_64-fedora-gcc, r-devel-windows-x86_64, r-patched-linux-x86_64, r-release-linux-x86_64, r-release-macos-arm64, r-release-macos-x86_64, r-release-windows-x86_64, r-oldrel-macos-arm64, r-oldrel-macos-x86_64, r-oldrel-windows-x86_64
Version: 1.0
Check: for GNU extensions in Makefiles
Result: NOTE
GNU make is a SystemRequirements.
Flavors: r-oldrel-macos-arm64, r-oldrel-macos-x86_64, r-oldrel-windows-x86_64