Last updated on 2024-07-27 01:53:23 CEST.
Flavor | Version | Tinstall | Tcheck | Ttotal | Status | Flags |
---|---|---|---|---|---|---|
r-devel-linux-x86_64-debian-clang | 0.1.1 | 20.36 | 252.77 | 273.13 | NOTE | |
r-devel-linux-x86_64-debian-gcc | 0.1.1 | 16.57 | 187.13 | 203.70 | NOTE | |
r-devel-linux-x86_64-fedora-clang | 0.1.1 | 351.55 | NOTE | |||
r-devel-linux-x86_64-fedora-gcc | 0.1.1 | 331.67 | NOTE | |||
r-devel-windows-x86_64 | 0.1.1 | 19.00 | 181.00 | 200.00 | NOTE | |
r-patched-linux-x86_64 | 0.1.1 | NOTE | ||||
r-release-linux-x86_64 | 0.1.1 | 12.70 | 239.28 | 251.98 | NOTE | |
r-release-macos-arm64 | 0.1.1 | 90.00 | NOTE | |||
r-release-macos-x86_64 | 0.1.1 | 146.00 | NOTE | |||
r-release-windows-x86_64 | 0.1.1 | 18.00 | 176.00 | 194.00 | NOTE | |
r-oldrel-macos-arm64 | 0.1.1 | 98.00 | NOTE | |||
r-oldrel-macos-x86_64 | 0.1.1 | 161.00 | NOTE | |||
r-oldrel-windows-x86_64 | 0.1.1 | 24.00 | 235.00 | 259.00 | NOTE |
Version: 0.1.1
Check: LazyData
Result: NOTE
'LazyData' is specified without a 'data' directory
Flavors: r-devel-linux-x86_64-debian-clang, r-devel-linux-x86_64-debian-gcc, r-devel-linux-x86_64-fedora-clang, r-devel-linux-x86_64-fedora-gcc, r-devel-windows-x86_64, r-patched-linux-x86_64, r-release-linux-x86_64, r-release-macos-arm64, r-release-macos-x86_64, r-release-windows-x86_64, r-oldrel-macos-arm64, r-oldrel-macos-x86_64, r-oldrel-windows-x86_64
Version: 0.1.1
Check: dependencies in R code
Result: NOTE
Namespaces in Imports field not imported from:
‘MASS’ ‘grid’
All declared Imports should be used.
Flavors: r-devel-linux-x86_64-fedora-clang, r-devel-linux-x86_64-fedora-gcc
Version: 0.1.1
Check: Rd cross-references
Result: NOTE
Undeclared packages ‘GenOrd’, ‘PoisNor’ in Rd xrefs
Flavor: r-devel-linux-x86_64-fedora-clang