Last updated on 2025-05-07 01:50:13 CEST.
Flavor | Version | Tinstall | Tcheck | Ttotal | Status | Flags |
---|---|---|---|---|---|---|
r-devel-linux-x86_64-debian-clang | 9.8.1 | 26.26 | 226.77 | 253.03 | OK | |
r-devel-linux-x86_64-debian-gcc | 9.8.1 | 18.48 | 166.61 | 185.09 | OK | |
r-devel-linux-x86_64-fedora-clang | 9.8.1 | 387.28 | OK | |||
r-devel-linux-x86_64-fedora-gcc | 9.8.1 | 386.82 | OK | |||
r-devel-windows-x86_64 | 9.8.1 | 34.00 | 273.00 | 307.00 | OK | |
r-patched-linux-x86_64 | 9.8.1 | 27.80 | 213.78 | 241.58 | OK | |
r-release-linux-x86_64 | 9.8.1 | 23.14 | 213.35 | 236.49 | OK | |
r-release-macos-arm64 | 9.8.1 | 141.00 | OK | |||
r-release-macos-x86_64 | 9.8.1 | 275.00 | OK | |||
r-release-windows-x86_64 | 9.8.1 | 35.00 | 285.00 | 320.00 | OK | |
r-oldrel-macos-arm64 | 9.8.1 | 136.00 | NOTE | |||
r-oldrel-macos-x86_64 | 9.8.1 | 324.00 | NOTE | |||
r-oldrel-windows-x86_64 | 9.8.1 | 43.00 | 344.00 | 387.00 | OK |
Version: 9.8.1
Check: installed package size
Result: NOTE
installed size is 7.6Mb
sub-directories of 1Mb or more:
data 2.8Mb
doc 1.0Mb
libs 2.7Mb
Flavors: r-oldrel-macos-arm64, r-oldrel-macos-x86_64