Last updated on 2024-07-27 01:53:23 CEST.
Flavor | Version | Tinstall | Tcheck | Ttotal | Status | Flags |
---|---|---|---|---|---|---|
r-devel-linux-x86_64-debian-clang | 0.3.12 | 73.99 | 44.26 | 118.25 | NOTE | |
r-devel-linux-x86_64-debian-gcc | 0.3.12 | 48.29 | 36.15 | 84.44 | NOTE | |
r-devel-linux-x86_64-fedora-clang | 0.3.12 | 185.71 | NOTE | |||
r-devel-linux-x86_64-fedora-gcc | 0.3.12 | 182.93 | NOTE | |||
r-devel-windows-x86_64 | 0.3.12 | 54.00 | 77.00 | 131.00 | NOTE | |
r-patched-linux-x86_64 | 0.3.12 | NOTE | ||||
r-release-linux-x86_64 | 0.3.12 | 59.29 | 41.35 | 100.64 | NOTE | |
r-release-macos-arm64 | 0.3.12 | 47.00 | NOTE | |||
r-release-macos-x86_64 | 0.3.12 | 74.00 | NOTE | |||
r-release-windows-x86_64 | 0.3.12 | 64.00 | 78.00 | 142.00 | NOTE | |
r-oldrel-macos-arm64 | 0.3.12 | 62.00 | NOTE | |||
r-oldrel-macos-x86_64 | 0.3.12 | 128.00 | NOTE | |||
r-oldrel-windows-x86_64 | 0.3.12 | 66.00 | 85.00 | 151.00 | NOTE |
Version: 0.3.12
Check: for GNU extensions in Makefiles
Result: NOTE
GNU make is a SystemRequirements.
Flavors: r-devel-linux-x86_64-debian-clang, r-devel-linux-x86_64-debian-gcc, r-devel-linux-x86_64-fedora-clang, r-devel-linux-x86_64-fedora-gcc, r-devel-windows-x86_64, r-patched-linux-x86_64, r-release-linux-x86_64, r-release-macos-arm64, r-release-macos-x86_64, r-release-windows-x86_64, r-oldrel-macos-arm64, r-oldrel-macos-x86_64, r-oldrel-windows-x86_64
Version: 0.3.12
Check: installed package size
Result: NOTE
installed size is 5.8Mb
sub-directories of 1Mb or more:
libs 5.5Mb
Flavors: r-release-macos-arm64, r-release-macos-x86_64, r-oldrel-macos-arm64, r-oldrel-macos-x86_64