Last updated on 2025-11-20 02:49:27 CET.
| Flavor | Version | Tinstall | Tcheck | Ttotal | Status | Flags |
|---|---|---|---|---|---|---|
| r-devel-linux-x86_64-debian-clang | 0.7.3 | 5.51 | 81.12 | 86.63 | NOTE | |
| r-devel-linux-x86_64-debian-gcc | 0.7.3 | 3.87 | 58.89 | 62.76 | NOTE | |
| r-devel-linux-x86_64-fedora-clang | 0.7.3 | 21.00 | 112.01 | 133.01 | NOTE | |
| r-devel-linux-x86_64-fedora-gcc | 0.7.3 | 11.00 | 127.14 | 138.14 | NOTE | |
| r-devel-windows-x86_64 | 0.7.3 | 11.00 | 94.00 | 105.00 | NOTE | |
| r-patched-linux-x86_64 | 0.7.3 | 6.63 | 73.73 | 80.36 | NOTE | |
| r-release-linux-x86_64 | 0.7.3 | 5.83 | 73.52 | 79.35 | NOTE | |
| r-release-macos-arm64 | 0.7.3 | NOTE | ||||
| r-release-macos-x86_64 | 0.7.3 | 5.00 | 95.00 | 100.00 | NOTE | |
| r-release-windows-x86_64 | 0.7.3 | 9.00 | 93.00 | 102.00 | NOTE | |
| r-oldrel-macos-arm64 | 0.7.3 | OK | ||||
| r-oldrel-macos-x86_64 | 0.7.3 | 6.00 | 100.00 | 106.00 | OK | |
| r-oldrel-windows-x86_64 | 0.7.3 | 11.00 | 124.00 | 135.00 | OK |
Version: 0.7.3
Check: DESCRIPTION meta-information
Result: NOTE
Missing dependency on R >= 4.1.0 because package code uses the pipe
|> or function shorthand \(...) syntax added in R 4.1.0.
File(s) using such syntax:
‘calculate-effect-sizes.R’
Flavors: r-devel-linux-x86_64-debian-clang, r-devel-linux-x86_64-debian-gcc, r-devel-linux-x86_64-fedora-clang, r-devel-linux-x86_64-fedora-gcc, r-devel-windows-x86_64, r-patched-linux-x86_64, r-release-linux-x86_64, r-release-macos-arm64, r-release-macos-x86_64, r-release-windows-x86_64