Last updated on 2024-07-27 01:53:24 CEST.
Flavor | Version | Tinstall | Tcheck | Ttotal | Status | Flags |
---|---|---|---|---|---|---|
r-devel-linux-x86_64-debian-clang | 2024.04.10 | 24.72 | 101.35 | 126.07 | OK | |
r-devel-linux-x86_64-debian-gcc | 2024.04.10 | 17.31 | 73.70 | 91.01 | NOTE | |
r-devel-linux-x86_64-fedora-clang | 2024.04.10 | 166.33 | OK | |||
r-devel-linux-x86_64-fedora-gcc | 2024.04.10 | 146.85 | OK | |||
r-devel-windows-x86_64 | 2024.04.10 | 29.00 | 99.00 | 128.00 | NOTE | |
r-patched-linux-x86_64 | 2024.04.10 | OK | ||||
r-release-linux-x86_64 | 2024.04.10 | 20.22 | 96.26 | 116.48 | OK | |
r-release-macos-arm64 | 2024.04.10 | 48.00 | OK | |||
r-release-macos-x86_64 | 2024.04.10 | 67.00 | OK | |||
r-release-windows-x86_64 | 2024.04.10 | 29.00 | 99.00 | 128.00 | OK | |
r-oldrel-macos-arm64 | 2024.04.10 | 55.00 | OK | |||
r-oldrel-macos-x86_64 | 2024.04.10 | 105.00 | OK | |||
r-oldrel-windows-x86_64 | 2024.04.10 | 34.00 | 121.00 | 155.00 | OK |
Version: 2024.04.10
Check: Rd cross-references
Result: NOTE
Found the following Rd file(s) with Rd \link{} targets missing package
anchors:
plot.idm.Rd: SmartControl
Please provide package anchors for all Rd \link{} targets not in the
package itself and the base packages.
Flavors: r-devel-linux-x86_64-debian-gcc, r-devel-windows-x86_64