Last updated on 2025-05-06 02:50:33 CEST.
Flavor | Version | Tinstall | Tcheck | Ttotal | Status | Flags |
---|---|---|---|---|---|---|
r-devel-linux-x86_64-debian-clang | 1.0.0 | 10.78 | 19.29 | 30.07 | NOTE | |
r-devel-linux-x86_64-debian-gcc | 1.0.0 | 8.63 | 16.20 | 24.83 | NOTE | |
r-devel-linux-x86_64-fedora-clang | 1.0.0 | 45.99 | OK | |||
r-devel-linux-x86_64-fedora-gcc | 1.0.0 | 44.18 | OK | |||
r-devel-windows-x86_64 | 1.0.0 | 12.00 | 40.00 | 52.00 | OK | |
r-patched-linux-x86_64 | 1.0.0 | 10.38 | 18.44 | 28.82 | OK | |
r-release-linux-x86_64 | 1.0.0 | 10.52 | 18.41 | 28.93 | OK | |
r-release-macos-arm64 | 1.0.0 | 22.00 | OK | |||
r-release-macos-x86_64 | 1.0.0 | 34.00 | OK | |||
r-release-windows-x86_64 | 1.0.0 | 11.00 | 40.00 | 51.00 | OK | |
r-oldrel-macos-arm64 | 1.0.0 | 22.00 | OK | |||
r-oldrel-macos-x86_64 | 1.0.0 | 28.00 | OK | |||
r-oldrel-windows-x86_64 | 1.0.0 | 11.00 | 43.00 | 54.00 | OK |
Version: 1.0.0
Check: CRAN incoming feasibility
Result: NOTE
Maintainer: ‘Matheus Dalsente Krause <krause.d.matheus@gmail.com>’
Package CITATION file contains call(s) to old-style citEntry(). Please
use bibentry() instead.
Flavors: r-devel-linux-x86_64-debian-clang, r-devel-linux-x86_64-debian-gcc