Last updated on 2024-07-27 01:53:24 CEST.
Flavor | Version | Tinstall | Tcheck | Ttotal | Status | Flags |
---|---|---|---|---|---|---|
r-devel-linux-x86_64-debian-clang | 0.99.5 | 5.59 | 102.21 | 107.80 | NOTE | |
r-devel-linux-x86_64-debian-gcc | 0.99.5 | 4.44 | 78.93 | 83.37 | NOTE | |
r-devel-linux-x86_64-fedora-clang | 0.99.5 | 131.58 | NOTE | |||
r-devel-linux-x86_64-fedora-gcc | 0.99.5 | 146.61 | NOTE | |||
r-devel-windows-x86_64 | 0.99.5 | 6.00 | 140.00 | 146.00 | NOTE | |
r-patched-linux-x86_64 | 0.99.5 | NOTE | ||||
r-release-linux-x86_64 | 0.99.5 | 5.19 | 96.48 | 101.67 | NOTE | |
r-release-macos-arm64 | 0.99.5 | 58.00 | NOTE | |||
r-release-macos-x86_64 | 0.99.5 | 176.00 | NOTE | |||
r-release-windows-x86_64 | 0.99.5 | 6.00 | 141.00 | 147.00 | NOTE | |
r-oldrel-macos-arm64 | 0.99.5 | 64.00 | OK | |||
r-oldrel-macos-x86_64 | 0.99.5 | 134.00 | OK | |||
r-oldrel-windows-x86_64 | 0.99.5 | 7.00 | 126.00 | 133.00 | OK |
Version: 0.99.5
Check: Rd files
Result: NOTE
checkRd: (-1) mu_calc.Rd:32: Lost braces; missing escapes or markup?
32 | mu_{d} | mu_{d} < mu_{d-1} and mu_{d} | mu_{d} > mu_{d-1} respecitively.
| ^
checkRd: (-1) mu_calc.Rd:32: Lost braces; missing escapes or markup?
32 | mu_{d} | mu_{d} < mu_{d-1} and mu_{d} | mu_{d} > mu_{d-1} respecitively.
| ^
checkRd: (-1) mu_calc.Rd:32: Lost braces; missing escapes or markup?
32 | mu_{d} | mu_{d} < mu_{d-1} and mu_{d} | mu_{d} > mu_{d-1} respecitively.
| ^
checkRd: (-1) mu_calc.Rd:32: Lost braces; missing escapes or markup?
32 | mu_{d} | mu_{d} < mu_{d-1} and mu_{d} | mu_{d} > mu_{d-1} respecitively.
| ^
checkRd: (-1) mu_calc.Rd:32: Lost braces; missing escapes or markup?
32 | mu_{d} | mu_{d} < mu_{d-1} and mu_{d} | mu_{d} > mu_{d-1} respecitively.
| ^
checkRd: (-1) mu_calc.Rd:32: Lost braces; missing escapes or markup?
32 | mu_{d} | mu_{d} < mu_{d-1} and mu_{d} | mu_{d} > mu_{d-1} respecitively.
| ^
Flavors: r-devel-linux-x86_64-debian-clang, r-devel-linux-x86_64-debian-gcc, r-devel-linux-x86_64-fedora-clang, r-devel-linux-x86_64-fedora-gcc, r-devel-windows-x86_64, r-patched-linux-x86_64, r-release-linux-x86_64, r-release-macos-arm64, r-release-macos-x86_64, r-release-windows-x86_64