Last updated on 2024-07-27 01:53:24 CEST.
Flavor | Version | Tinstall | Tcheck | Ttotal | Status | Flags |
---|---|---|---|---|---|---|
r-devel-linux-x86_64-debian-clang | 0.8.2 | 45.44 | 355.12 | 400.56 | NOTE | |
r-devel-linux-x86_64-debian-gcc | 0.8.2 | 33.18 | 261.59 | 294.77 | NOTE | |
r-devel-linux-x86_64-fedora-clang | 0.8.2 | 495.03 | NOTE | |||
r-devel-linux-x86_64-fedora-gcc | 0.8.2 | 469.41 | NOTE | |||
r-devel-windows-x86_64 | 0.8.2 | 34.00 | 358.00 | 392.00 | NOTE | |
r-patched-linux-x86_64 | 0.8.2 | OK | ||||
r-release-linux-x86_64 | 0.8.2 | 38.68 | 345.64 | 384.32 | OK | |
r-release-macos-arm64 | 0.8.2 | 112.00 | OK | |||
r-release-macos-x86_64 | 0.8.2 | 210.00 | OK | |||
r-release-windows-x86_64 | 0.8.2 | 33.00 | 220.00 | 253.00 | OK | |
r-oldrel-macos-arm64 | 0.8.2 | 117.00 | OK | |||
r-oldrel-macos-x86_64 | 0.8.2 | 220.00 | OK | |||
r-oldrel-windows-x86_64 | 0.8.2 | 44.00 | 309.00 | 353.00 | OK |
Version: 0.8.2
Check: compiled code
Result: NOTE
File ‘SpatialKDE/libs/SpatialKDE.so’:
Found non-API calls to R: ‘SETLENGTH’, ‘SET_GROWABLE_BIT’,
‘SET_TRUELENGTH’
Compiled code should not call non-API entry points in R.
See ‘Writing portable packages’ in the ‘Writing R Extensions’ manual,
and section ‘Moving into C API compliance’ for issues with the use of
non-API entry points.
Flavors: r-devel-linux-x86_64-debian-clang, r-devel-linux-x86_64-debian-gcc, r-devel-linux-x86_64-fedora-clang, r-devel-linux-x86_64-fedora-gcc
Version: 0.8.2
Check: compiled code
Result: NOTE
File 'SpatialKDE/libs/x64/SpatialKDE.dll':
Found non-API calls to R: 'SETLENGTH', 'SET_GROWABLE_BIT',
'SET_TRUELENGTH'
Compiled code should not call non-API entry points in R.
See 'Writing portable packages' in the 'Writing R Extensions' manual,
and section 'Moving into C API compliance' for issues with the use of
non-API entry points.
Flavor: r-devel-windows-x86_64