Last updated on 2025-05-01 01:49:47 CEST.
Flavor | Version | Tinstall | Tcheck | Ttotal | Status | Flags |
---|---|---|---|---|---|---|
r-devel-linux-x86_64-debian-clang | 1.1 | 6.19 | 52.58 | 58.77 | NOTE | |
r-devel-linux-x86_64-debian-gcc | 1.1 | 4.34 | 40.00 | 44.34 | NOTE | |
r-devel-linux-x86_64-fedora-clang | 1.1 | 91.47 | OK | |||
r-devel-linux-x86_64-fedora-gcc | 1.1 | 87.45 | OK | |||
r-devel-windows-x86_64 | 1.1 | 7.00 | 71.00 | 78.00 | OK | |
r-patched-linux-x86_64 | 1.1 | 6.42 | 51.09 | 57.51 | OK | |
r-release-linux-x86_64 | 1.1 | 5.58 | 50.30 | 55.88 | OK | |
r-release-macos-arm64 | 1.1 | 34.00 | OK | |||
r-release-macos-x86_64 | 1.1 | 54.00 | OK | |||
r-release-windows-x86_64 | 1.1 | 7.00 | 74.00 | 81.00 | OK | |
r-oldrel-macos-arm64 | 1.1 | 33.00 | OK | |||
r-oldrel-macos-x86_64 | 1.1 | 43.00 | OK | |||
r-oldrel-windows-x86_64 | 1.1 | 9.00 | 79.00 | 88.00 | OK |
Version: 1.1
Check: CRAN incoming feasibility
Result: NOTE
Maintainer: ‘Yili Hong <yilihong@vt.edu>’
No Authors@R field in DESCRIPTION.
Please add one, modifying
Authors@R: c(person(given = "Yili",
family = "Hong",
role = c("aut", "cre"),
email = "yilihong@vt.edu"),
person(given = "Li",
family = "Xu",
role = "aut"),
person(given = "Yimeng",
family = "Xie",
role = "aut"),
person(given = "Zhongnan",
family = "Jin",
role = "aut"))
as necessary.
The Description field contains
al. (2018, <arXiv:1809.06418>). The package also contains the Lyme
Please refer to arXiv e-prints via their arXiv DOI <doi:10.48550/arXiv.YYMM.NNNNN>.
Flavors: r-devel-linux-x86_64-debian-clang, r-devel-linux-x86_64-debian-gcc