Last updated on 2024-07-27 01:53:24 CEST.
Flavor | Version | Tinstall | Tcheck | Ttotal | Status | Flags |
---|---|---|---|---|---|---|
r-devel-linux-x86_64-debian-clang | 1.0.5 | 97.03 | 35.14 | 132.17 | OK | |
r-devel-linux-x86_64-debian-gcc | 1.0.5 | 64.04 | 26.30 | 90.34 | OK | |
r-devel-linux-x86_64-fedora-clang | 1.0.5 | 235.65 | OK | |||
r-devel-linux-x86_64-fedora-gcc | 1.0.5 | 210.30 | OK | |||
r-devel-windows-x86_64 | 1.0.5 | 88.00 | 68.00 | 156.00 | NOTE | |
r-patched-linux-x86_64 | 1.0.5 | OK | ||||
r-release-linux-x86_64 | 1.0.5 | 87.13 | 33.03 | 120.16 | OK | |
r-release-macos-arm64 | 1.0.5 | 48.00 | NOTE | |||
r-release-macos-x86_64 | 1.0.5 | 59.00 | NOTE | |||
r-release-windows-x86_64 | 1.0.5 | 102.00 | 69.00 | 171.00 | NOTE | |
r-oldrel-macos-arm64 | 1.0.5 | 58.00 | NOTE | |||
r-oldrel-macos-x86_64 | 1.0.5 | 100.00 | NOTE | |||
r-oldrel-windows-x86_64 | 1.0.5 | 101.00 | 79.00 | 180.00 | NOTE |
Version: 1.0.5
Check: C++ specification
Result: NOTE
Specified C++11: please drop specification unless essential
Flavors: r-devel-windows-x86_64, r-release-windows-x86_64, r-oldrel-windows-x86_64
Version: 1.0.5
Check: installed package size
Result: NOTE
installed size is 5.1Mb
sub-directories of 1Mb or more:
libs 5.0Mb
Flavors: r-release-macos-arm64, r-release-macos-x86_64, r-oldrel-macos-arm64, r-oldrel-macos-x86_64