Last updated on 2024-07-27 01:53:24 CEST.
Flavor | Version | Tinstall | Tcheck | Ttotal | Status | Flags |
---|---|---|---|---|---|---|
r-devel-linux-x86_64-debian-clang | 1.2.0 | 790.74 | 250.67 | 1041.41 | NOTE | |
r-devel-linux-x86_64-debian-gcc | 1.2.0 | 600.22 | 232.35 | 832.57 | NOTE | |
r-devel-linux-x86_64-fedora-clang | 1.2.0 | 1261.13 | NOTE | |||
r-devel-linux-x86_64-fedora-gcc | 1.2.0 | 1738.48 | NOTE | |||
r-devel-windows-x86_64 | 1.2.0 | 578.00 | 248.00 | 826.00 | NOTE | |
r-patched-linux-x86_64 | 1.2.0 | NOTE | ||||
r-release-linux-x86_64 | 1.2.0 | 571.44 | 317.65 | 889.09 | NOTE | |
r-release-macos-arm64 | 1.2.0 | 301.00 | NOTE | |||
r-release-macos-x86_64 | 1.2.0 | 258.00 | NOTE | |||
r-release-windows-x86_64 | 1.2.0 | 567.00 | 248.00 | 815.00 | NOTE | |
r-oldrel-macos-arm64 | 1.2.0 | 360.00 | NOTE | |||
r-oldrel-macos-x86_64 | 1.2.0 | 551.00 | NOTE | |||
r-oldrel-windows-x86_64 | 1.2.0 | 734.00 | 322.00 | 1056.00 | NOTE |
Version: 1.2.0
Check: for GNU extensions in Makefiles
Result: NOTE
GNU make is a SystemRequirements.
Flavors: r-devel-linux-x86_64-debian-clang, r-devel-linux-x86_64-debian-gcc, r-devel-linux-x86_64-fedora-clang, r-devel-linux-x86_64-fedora-gcc, r-devel-windows-x86_64, r-patched-linux-x86_64, r-release-linux-x86_64, r-release-macos-arm64, r-release-macos-x86_64, r-release-windows-x86_64, r-oldrel-macos-arm64, r-oldrel-macos-x86_64, r-oldrel-windows-x86_64
Version: 1.2.0
Check: installed package size
Result: NOTE
installed size is 7.6Mb
sub-directories of 1Mb or more:
libs 6.8Mb
Flavors: r-devel-linux-x86_64-fedora-clang, r-devel-windows-x86_64, r-release-macos-arm64, r-release-macos-x86_64, r-release-windows-x86_64, r-oldrel-macos-arm64, r-oldrel-macos-x86_64, r-oldrel-windows-x86_64
Version: 1.2.0
Check: dependencies in R code
Result: NOTE
Namespaces in Imports field not imported from:
‘RcppParallel’ ‘httr’ ‘latex2exp’ ‘rstantools’ ‘tibble’ ‘tidyverse’
‘utils’
All declared Imports should be used.
Flavors: r-devel-linux-x86_64-fedora-clang, r-devel-linux-x86_64-fedora-gcc