Last updated on 2025-02-19 01:51:04 CET.
Flavor | Version | Tinstall | Tcheck | Ttotal | Status | Flags |
---|---|---|---|---|---|---|
r-devel-linux-x86_64-debian-clang | 1.2 | 2.53 | 19.18 | 21.71 | NOTE | |
r-devel-linux-x86_64-debian-gcc | 1.2 | 1.92 | 15.75 | 17.67 | NOTE | |
r-devel-linux-x86_64-fedora-clang | 1.2 | 36.64 | NOTE | |||
r-devel-linux-x86_64-fedora-gcc | 1.2 | 34.27 | NOTE | |||
r-devel-macos-arm64 | 1.2 | 16.00 | NOTE | |||
r-devel-macos-x86_64 | 1.2 | 25.00 | NOTE | |||
r-devel-windows-x86_64 | 1.2 | 4.00 | 41.00 | 45.00 | NOTE | |
r-patched-linux-x86_64 | 1.2 | 2.43 | 18.29 | 20.72 | NOTE | |
r-release-linux-x86_64 | 1.2 | 2.51 | 18.44 | 20.95 | NOTE | |
r-release-macos-arm64 | 1.2 | 17.00 | NOTE | |||
r-release-macos-x86_64 | 1.2 | 22.00 | NOTE | |||
r-release-windows-x86_64 | 1.2 | 4.00 | 3.00 | 7.00 | FAIL | |
r-oldrel-macos-arm64 | 1.2 | 17.00 | NOTE | |||
r-oldrel-macos-x86_64 | 1.2 | 20.00 | NOTE | |||
r-oldrel-windows-x86_64 | 1.2 | 3.00 | 46.00 | 49.00 | NOTE |
Version: 1.2
Check: DESCRIPTION meta-information
Result: NOTE
Malformed Title field: should not end in a period.
Flavors: r-devel-linux-x86_64-debian-clang, r-devel-linux-x86_64-debian-gcc, r-devel-linux-x86_64-fedora-clang, r-devel-linux-x86_64-fedora-gcc, r-devel-macos-arm64, r-devel-macos-x86_64, r-devel-windows-x86_64, r-patched-linux-x86_64, r-release-linux-x86_64, r-release-macos-arm64, r-release-macos-x86_64, r-oldrel-macos-arm64, r-oldrel-macos-x86_64, r-oldrel-windows-x86_64
Version: 1.2
Check: package dependencies
Result: FAIL
Flavor: r-release-windows-x86_64