Last updated on 2025-11-13 01:50:36 CET.
| Flavor | Version | Tinstall | Tcheck | Ttotal | Status | Flags |
|---|---|---|---|---|---|---|
| r-devel-linux-x86_64-debian-clang | 0.4.2 | 96.01 | 80.55 | 176.56 | OK | |
| r-devel-linux-x86_64-debian-gcc | 0.4.2 | 60.75 | 58.18 | 118.93 | OK | |
| r-devel-linux-x86_64-fedora-clang | 0.4.2 | 130.00 | 201.98 | 331.98 | OK | |
| r-devel-linux-x86_64-fedora-gcc | 0.4.2 | 175.00 | 138.23 | 313.23 | OK | |
| r-devel-windows-x86_64 | 0.4.2 | 113.00 | 113.00 | 226.00 | OK | |
| r-patched-linux-x86_64 | 0.4.2 | 102.61 | 74.96 | 177.57 | OK | |
| r-release-linux-x86_64 | 0.4.2 | 101.91 | 74.61 | 176.52 | OK | |
| r-release-macos-arm64 | 0.4.2 | 36.00 | 45.00 | 81.00 | OK | |
| r-release-macos-x86_64 | 0.4.2 | 49.00 | 94.00 | 143.00 | OK | |
| r-release-windows-x86_64 | 0.4.2 | 113.00 | 112.00 | 225.00 | OK | |
| r-oldrel-macos-arm64 | 0.4.2 | 28.00 | 48.00 | 76.00 | NOTE | |
| r-oldrel-macos-x86_64 | 0.4.2 | 32.00 | 87.00 | 119.00 | NOTE | |
| r-oldrel-windows-x86_64 | 0.4.2 | 134.00 | 141.00 | 275.00 | OK |
Version: 0.4.2
Check: installed package size
Result: NOTE
installed size is 5.7Mb
sub-directories of 1Mb or more:
libs 5.4Mb
Flavors: r-oldrel-macos-arm64, r-oldrel-macos-x86_64