Last updated on 2024-07-27 01:53:25 CEST.
Flavor | Version | Tinstall | Tcheck | Ttotal | Status | Flags |
---|---|---|---|---|---|---|
r-devel-linux-x86_64-debian-clang | 0.1.2 | 22.89 | 71.60 | 94.49 | OK | |
r-devel-linux-x86_64-debian-gcc | 0.1.2 | 19.42 | 55.06 | 74.48 | OK | |
r-devel-linux-x86_64-fedora-clang | 0.1.2 | 134.02 | NOTE | |||
r-devel-linux-x86_64-fedora-gcc | 0.1.2 | 144.16 | NOTE | |||
r-devel-windows-x86_64 | 0.1.2 | 28.00 | 80.00 | 108.00 | OK | |
r-patched-linux-x86_64 | 0.1.2 | OK | ||||
r-release-linux-x86_64 | 0.1.2 | 23.62 | 69.44 | 93.06 | OK | |
r-release-macos-arm64 | 0.1.2 | 51.00 | OK | |||
r-release-macos-x86_64 | 0.1.2 | 73.00 | OK | |||
r-release-windows-x86_64 | 0.1.2 | 26.00 | 78.00 | 104.00 | OK | |
r-oldrel-macos-arm64 | 0.1.2 | 60.00 | OK | |||
r-oldrel-macos-x86_64 | 0.1.2 | 80.00 | OK | |||
r-oldrel-windows-x86_64 | 0.1.2 | 29.00 | 89.00 | 118.00 | OK |
Version: 0.1.2
Check: dependencies in R code
Result: NOTE
Namespace in Imports field not imported from: ‘data.table’
All declared Imports should be used.
Flavors: r-devel-linux-x86_64-fedora-clang, r-devel-linux-x86_64-fedora-gcc