Last updated on 2024-07-27 01:53:25 CEST.
Flavor | Version | Tinstall | Tcheck | Ttotal | Status | Flags |
---|---|---|---|---|---|---|
r-devel-linux-x86_64-debian-clang | 0.2.0 | 18.02 | 443.68 | 461.70 | OK | |
r-devel-linux-x86_64-debian-gcc | 0.2.0 | 15.56 | 321.14 | 336.70 | NOTE | |
r-devel-linux-x86_64-fedora-clang | 0.2.0 | 586.31 | NOTE | |||
r-devel-linux-x86_64-fedora-gcc | 0.2.0 | 544.90 | NOTE | |||
r-devel-windows-x86_64 | 0.2.0 | 17.00 | 506.00 | 523.00 | NOTE | |
r-patched-linux-x86_64 | 0.2.0 | OK | ||||
r-release-linux-x86_64 | 0.2.0 | 14.92 | 417.28 | 432.20 | OK | |
r-release-macos-arm64 | 0.2.0 | 149.00 | OK | |||
r-release-macos-x86_64 | 0.2.0 | 229.00 | OK | |||
r-release-windows-x86_64 | 0.2.0 | 16.00 | 636.00 | 652.00 | OK | |
r-oldrel-macos-arm64 | 0.2.0 | 175.00 | OK | |||
r-oldrel-macos-x86_64 | 0.2.0 | 293.00 | OK | |||
r-oldrel-windows-x86_64 | 0.2.0 | 21.00 | 770.00 | 791.00 | OK |
Version: 0.2.0
Check: Rd cross-references
Result: NOTE
Found the following Rd file(s) with Rd \link{} targets missing package
anchors:
ANOVA_exact.Rd: aov_car, emmeans
emmeans_power.Rd: aov_car, emmeans
Please provide package anchors for all Rd \link{} targets not in the
package itself and the base packages.
Flavors: r-devel-linux-x86_64-debian-gcc, r-devel-windows-x86_64
Version: 0.2.0
Check: dependencies in R code
Result: NOTE
Namespaces in Imports field not imported from:
‘gridExtra’ ‘mvtnorm’
All declared Imports should be used.
Flavors: r-devel-linux-x86_64-fedora-clang, r-devel-linux-x86_64-fedora-gcc