Last updated on 2025-11-15 02:53:17 CET.
| Flavor | Version | Tinstall | Tcheck | Ttotal | Status | Flags |
|---|---|---|---|---|---|---|
| r-devel-linux-x86_64-debian-clang | 3.4.1 | 51.56 | 623.63 | 675.19 | OK | |
| r-devel-linux-x86_64-debian-gcc | 3.4.1 | 29.31 | 375.80 | 405.11 | OK | |
| r-devel-linux-x86_64-fedora-clang | 3.4.1 | 242.00 | 976.07 | 1218.07 | OK | |
| r-devel-linux-x86_64-fedora-gcc | 3.4.1 | 424.00 | 749.77 | 1173.77 | OK | |
| r-devel-windows-x86_64 | 3.4.1 | 52.00 | 565.00 | 617.00 | OK | |
| r-patched-linux-x86_64 | 3.4.1 | 50.82 | 594.61 | 645.43 | OK | |
| r-release-linux-x86_64 | 3.4.1 | 47.87 | 595.56 | 643.43 | OK | |
| r-release-macos-arm64 | 3.4.1 | 18.00 | 139.00 | 157.00 | OK | |
| r-release-macos-x86_64 | 3.4.1 | 50.00 | 289.00 | 339.00 | OK | |
| r-release-windows-x86_64 | 3.4.1 | 50.00 | 550.00 | 600.00 | OK | |
| r-oldrel-macos-arm64 | 3.4.1 | 21.00 | 164.00 | 185.00 | OK | |
| r-oldrel-macos-x86_64 | 3.4.1 | 47.00 | 331.00 | 378.00 | OK | |
| r-oldrel-windows-x86_64 | 3.4.1 | 2.00 | 9.00 | 11.00 | ERROR |
Version: 3.4.1
Check: package dependencies
Result: ERROR
Package required but not available: 'MBESS'
See section 'The DESCRIPTION file' in the 'Writing R Extensions'
manual.
Flavor: r-oldrel-windows-x86_64