CRAN Package Check Results for Package SurrogateBMA

Last updated on 2025-05-06 02:50:34 CEST.

Flavor Version Tinstall Tcheck Ttotal Status Flags
r-devel-linux-x86_64-debian-clang 1.0 28.74 64.88 93.62 OK
r-devel-linux-x86_64-debian-gcc 1.0 23.21 51.11 74.32 OK
r-devel-linux-x86_64-fedora-clang 1.0 155.22 OK
r-devel-linux-x86_64-fedora-gcc 1.0 157.94 OK
r-devel-windows-x86_64 1.0 37.00 91.00 128.00 OK
r-patched-linux-x86_64 1.0 30.53 64.46 94.99 OK
r-release-linux-x86_64 1.0 30.13 65.32 95.45 OK
r-release-macos-arm64 1.0 65.00 OK
r-release-macos-x86_64 1.0 100.00 OK
r-release-windows-x86_64 1.0 34.00 96.00 130.00 OK
r-oldrel-macos-arm64 1.0 48.00 NOTE
r-oldrel-macos-x86_64 1.0 83.00 NOTE
r-oldrel-windows-x86_64 1.0 41.00 117.00 158.00 OK

Check Details

Version: 1.0
Check: installed package size
Result: NOTE installed size is 6.7Mb sub-directories of 1Mb or more: libs 6.5Mb Flavors: r-oldrel-macos-arm64, r-oldrel-macos-x86_64