Last updated on 2024-07-27 01:53:25 CEST.
Flavor | Version | Tinstall | Tcheck | Ttotal | Status | Flags |
---|---|---|---|---|---|---|
r-devel-linux-x86_64-debian-clang | 0.2.0 | 7.28 | 68.78 | 76.06 | NOTE | |
r-devel-linux-x86_64-debian-gcc | 0.2.0 | 6.92 | 53.52 | 60.44 | NOTE | |
r-devel-linux-x86_64-fedora-clang | 0.2.0 | 96.22 | NOTE | |||
r-devel-linux-x86_64-fedora-gcc | 0.2.0 | 90.26 | NOTE | |||
r-devel-windows-x86_64 | 0.2.0 | 8.00 | 66.00 | 74.00 | NOTE | |
r-patched-linux-x86_64 | 0.2.0 | NOTE | ||||
r-release-linux-x86_64 | 0.2.0 | 7.30 | 67.63 | 74.93 | NOTE | |
r-release-macos-arm64 | 0.2.0 | 30.00 | NOTE | |||
r-release-macos-x86_64 | 0.2.0 | 44.00 | NOTE | |||
r-release-windows-x86_64 | 0.2.0 | 7.00 | 67.00 | 74.00 | NOTE | |
r-oldrel-macos-arm64 | 0.2.0 | 34.00 | OK | |||
r-oldrel-macos-x86_64 | 0.2.0 | 50.00 | OK | |||
r-oldrel-windows-x86_64 | 0.2.0 | 9.00 | 77.00 | 86.00 | OK |
Version: 0.2.0
Check: Rd files
Result: NOTE
checkRd: (-1) coxDT.Rd:76: Lost braces; missing escapes or markup?
76 | The estimation procedure here is performed using coxph {survival} and inserting these estimated
| ^
Flavors: r-devel-linux-x86_64-debian-clang, r-devel-linux-x86_64-debian-gcc, r-devel-linux-x86_64-fedora-clang, r-devel-linux-x86_64-fedora-gcc, r-devel-windows-x86_64, r-patched-linux-x86_64, r-release-linux-x86_64, r-release-macos-arm64, r-release-macos-x86_64, r-release-windows-x86_64