Last updated on 2025-10-25 01:51:18 CEST.
| Flavor | Version | Tinstall | Tcheck | Ttotal | Status | Flags |
|---|---|---|---|---|---|---|
| r-devel-linux-x86_64-debian-clang | 1.2 | 13.70 | 118.56 | 132.26 | NOTE | |
| r-devel-linux-x86_64-debian-gcc | 1.2 | 9.05 | 87.03 | 96.08 | NOTE | |
| r-devel-linux-x86_64-fedora-clang | 1.2 | 80.00 | 135.69 | 215.69 | OK | |
| r-devel-linux-x86_64-fedora-gcc | 1.2 | 30.00 | 164.88 | 194.88 | OK | |
| r-devel-windows-x86_64 | 1.2 | 15.00 | 113.00 | 128.00 | OK | |
| r-patched-linux-x86_64 | 1.2 | 11.90 | 111.01 | 122.91 | OK | |
| r-release-linux-x86_64 | 1.2 | 12.35 | 111.87 | 124.22 | OK | |
| r-release-macos-arm64 | 1.2 | 5.00 | 45.00 | 50.00 | OK | |
| r-release-macos-x86_64 | 1.2 | 12.00 | 81.00 | 93.00 | OK | |
| r-release-windows-x86_64 | 1.2 | 15.00 | 112.00 | 127.00 | OK | |
| r-oldrel-macos-arm64 | 1.2 | 5.00 | 45.00 | 50.00 | OK | |
| r-oldrel-macos-x86_64 | 1.2 | 8.00 | 73.00 | 81.00 | OK | |
| r-oldrel-windows-x86_64 | 1.2 | 20.00 | 145.00 | 165.00 | OK |
Version: 1.2
Check: CRAN incoming feasibility
Result: NOTE
Maintainer: ‘Mithat Gonen <gonenm@mskcc.org>’
Package CITATION file contains call(s) to old-style personList() or
as.personList(). Please use c() on person objects instead.
Package CITATION file contains call(s) to old-style citEntry(). Please
use bibentry() instead.
Flavors: r-devel-linux-x86_64-debian-clang, r-devel-linux-x86_64-debian-gcc