Last updated on 2025-02-11 01:49:20 CET.
Flavor | Version | Tinstall | Tcheck | Ttotal | Status | Flags |
---|---|---|---|---|---|---|
r-devel-linux-x86_64-debian-clang | 0.1.2 | 165.54 | 164.53 | 330.07 | NOTE | |
r-devel-linux-x86_64-debian-gcc | 0.1.2 | 116.38 | 124.13 | 240.51 | NOTE | |
r-devel-linux-x86_64-fedora-clang | 0.1.2 | 611.94 | NOTE | |||
r-devel-linux-x86_64-fedora-gcc | 0.1.2 | 594.94 | NOTE | |||
r-devel-windows-x86_64 | 0.1.2 | 161.00 | 188.00 | 349.00 | NOTE | |
r-patched-linux-x86_64 | 0.1.2 | 155.76 | 153.84 | 309.60 | NOTE | |
r-release-linux-x86_64 | 0.1.2 | 155.04 | 151.31 | 306.35 | NOTE | |
r-release-macos-arm64 | 0.1.2 | 114.00 | NOTE | |||
r-release-macos-x86_64 | 0.1.2 | 139.00 | NOTE | |||
r-release-windows-x86_64 | 0.1.2 | 163.00 | 195.00 | 358.00 | NOTE | |
r-oldrel-macos-arm64 | 0.1.2 | 147.00 | NOTE | |||
r-oldrel-macos-x86_64 | 0.1.2 | 260.00 | NOTE | |||
r-oldrel-windows-x86_64 | 0.1.2 | 192.00 | 247.00 | 439.00 | NOTE |
Version: 0.1.2
Check: C++ specification
Result: NOTE
Specified C++11: please drop specification unless essential
Flavors: r-devel-linux-x86_64-debian-clang, r-devel-linux-x86_64-debian-gcc, r-devel-linux-x86_64-fedora-clang, r-devel-linux-x86_64-fedora-gcc, r-devel-windows-x86_64, r-patched-linux-x86_64, r-release-linux-x86_64, r-release-macos-arm64, r-release-macos-x86_64, r-release-windows-x86_64, r-oldrel-macos-arm64, r-oldrel-macos-x86_64, r-oldrel-windows-x86_64
Version: 0.1.2
Check: installed package size
Result: NOTE
installed size is 11.5Mb
sub-directories of 1Mb or more:
libs 11.0Mb
Flavors: r-release-macos-arm64, r-release-macos-x86_64, r-oldrel-macos-arm64, r-oldrel-macos-x86_64